CRAN Package Check Results for Package infoelectoral

Last updated on 2024-07-14 05:53:34 CEST.

Flavor Version Tinstall Tcheck Ttotal Status Flags
r-devel-linux-x86_64-debian-clang 1.0.2 6.37 166.88 173.25 OK
r-devel-linux-x86_64-debian-gcc 1.0.2 4.77 127.34 132.11 OK
r-devel-linux-x86_64-fedora-clang 1.0.2 231.48 NOTE
r-devel-linux-x86_64-fedora-gcc 1.0.2 228.60 NOTE
r-devel-windows-x86_64 1.0.2 8.00 186.00 194.00 OK
r-patched-linux-x86_64 1.0.2 7.41 161.84 169.25 OK
r-release-linux-x86_64 1.0.2 6.93 162.78 169.71 OK
r-release-macos-arm64 1.0.2 123.00 OK
r-release-macos-x86_64 1.0.2 229.00 OK
r-release-windows-x86_64 1.0.2 7.00 186.00 193.00 OK
r-oldrel-macos-arm64 1.0.2 202.00 OK
r-oldrel-macos-x86_64 1.0.2 356.00 OK
r-oldrel-windows-x86_64 1.0.2 8.00 226.00 234.00 OK

Check Details

Version: 1.0.2
Check: data for non-ASCII characters
Result: NOTE Note: found 2139 marked UTF-8 strings Flavors: r-devel-linux-x86_64-fedora-clang, r-devel-linux-x86_64-fedora-gcc