CRAN Package Check Results for Package intkrige

Last updated on 2024-07-14 05:53:34 CEST.

Flavor Version Tinstall Tcheck Ttotal Status Flags
r-devel-linux-x86_64-debian-clang 1.0.1 83.68 447.10 530.78 NOTE
r-devel-linux-x86_64-debian-gcc 1.0.1 64.02 351.40 415.42 NOTE
r-devel-linux-x86_64-fedora-clang 1.0.1 689.54 NOTE
r-devel-linux-x86_64-fedora-gcc 1.0.1 689.68 NOTE
r-devel-windows-x86_64 1.0.1 71.00 316.00 387.00 NOTE
r-patched-linux-x86_64 1.0.1 86.16 455.61 541.77 NOTE
r-release-linux-x86_64 1.0.1 82.77 443.96 526.73 NOTE
r-release-macos-arm64 1.0.1 173.00 NOTE
r-release-macos-x86_64 1.0.1 304.00 NOTE
r-release-windows-x86_64 1.0.1 71.00 313.00 384.00 NOTE
r-oldrel-macos-arm64 1.0.1 189.00 NOTE
r-oldrel-macos-x86_64 1.0.1 366.00 NOTE
r-oldrel-windows-x86_64 1.0.1 95.00 442.00 537.00 NOTE

Check Details

Version: 1.0.1
Check: C++ specification
Result: NOTE Specified C++11: please drop specification unless essential Flavors: r-devel-linux-x86_64-debian-clang, r-devel-linux-x86_64-debian-gcc, r-devel-linux-x86_64-fedora-clang, r-devel-linux-x86_64-fedora-gcc, r-devel-windows-x86_64, r-patched-linux-x86_64, r-release-linux-x86_64, r-release-macos-arm64, r-release-macos-x86_64, r-release-windows-x86_64, r-oldrel-macos-arm64, r-oldrel-macos-x86_64, r-oldrel-windows-x86_64