CRAN Package Check Results for Package ivreg

Last updated on 2024-06-13 06:58:05 CEST.

Flavor Version Tinstall Tcheck Ttotal Status Flags
r-devel-linux-x86_64-debian-clang 0.6-3 5.18 84.84 90.02 OK
r-devel-linux-x86_64-debian-gcc 0.6-3 0.44 1.90 2.34 ERROR
r-devel-linux-x86_64-fedora-clang 0.6-3 118.10 OK
r-devel-linux-x86_64-fedora-gcc 0.6-3 127.73 OK
r-devel-windows-x86_64 0.6-3 6.00 78.00 84.00 OK
r-patched-linux-x86_64 0.6-3 3.62 84.92 88.54 OK
r-release-linux-x86_64 0.6-3 5.23 83.20 88.43 OK
r-release-macos-arm64 0.6-3 44.00 OK
r-release-macos-x86_64 0.6-3 59.00 OK
r-release-windows-x86_64 0.6-3 7.00 79.00 86.00 OK
r-oldrel-macos-arm64 0.6-3 50.00 OK
r-oldrel-macos-x86_64 0.6-3 102.00 OK
r-oldrel-windows-x86_64 0.6-3 7.00 94.00 101.00 OK

Check Details

Version: 0.6-3
Check: package dependencies
Result: ERROR Package required but not available: ‘car’ Packages suggested but not available for checking: 'AER', 'effects', 'testthat', 'gt', 'ggplot2' See section ‘The DESCRIPTION file’ in the ‘Writing R Extensions’ manual. Flavor: r-devel-linux-x86_64-debian-gcc