CRAN Package Check Results for Package jgsbook

Last updated on 2024-07-21 05:57:37 CEST.

Flavor Version Tinstall Tcheck Ttotal Status Flags
r-devel-linux-x86_64-debian-clang 1.0.7 2.69 29.02 31.71 OK
r-devel-linux-x86_64-debian-gcc 1.0.7 2.07 21.98 24.05 OK
r-devel-linux-x86_64-fedora-clang 1.0.7 40.19 NOTE
r-devel-linux-x86_64-fedora-gcc 1.0.7 38.40 NOTE
r-devel-windows-x86_64 1.0.7 4.00 47.00 51.00 OK
r-patched-linux-x86_64 1.0.7 2.58 27.54 30.12 OK
r-release-linux-x86_64 1.0.7 2.74 27.77 30.51 OK
r-release-macos-arm64 1.0.7 25.00 OK
r-release-macos-x86_64 1.0.7 36.00 OK
r-release-windows-x86_64 1.0.7 4.00 47.00 51.00 OK
r-oldrel-macos-arm64 1.0.7 26.00 OK
r-oldrel-macos-x86_64 1.0.7 36.00 OK
r-oldrel-windows-x86_64 1.0.7 4.00 47.00 51.00 OK

Check Details

Version: 1.0.7
Check: data for non-ASCII characters
Result: NOTE Note: found 87 marked UTF-8 strings Flavors: r-devel-linux-x86_64-fedora-clang, r-devel-linux-x86_64-fedora-gcc