CRAN Package Check Results for Package juicr

Last updated on 2024-07-18 06:57:27 CEST.

Flavor Version Tinstall Tcheck Ttotal Status Flags
r-devel-linux-x86_64-debian-clang 0.1 11.64 84.37 96.01 NOTE
r-devel-linux-x86_64-debian-gcc 0.1 7.04 60.73 67.77 NOTE
r-devel-linux-x86_64-fedora-clang 0.1 116.23 NOTE
r-devel-linux-x86_64-fedora-gcc 0.1 124.10 NOTE
r-devel-windows-x86_64 0.1 8.00 68.00 76.00 NOTE
r-patched-linux-x86_64 0.1 11.07 80.55 91.62 NOTE
r-release-linux-x86_64 0.1 10.50 78.55 89.05 NOTE
r-release-macos-arm64 0.1 58.00 NOTE
r-release-macos-x86_64 0.1 78.00 NOTE
r-release-windows-x86_64 0.1 8.00 68.00 76.00 NOTE
r-oldrel-macos-arm64 0.1 38.00 NOTE
r-oldrel-macos-x86_64 0.1 65.00 NOTE
r-oldrel-windows-x86_64 0.1 10.00 73.00 83.00 NOTE

Check Details

Version: 0.1
Check: package subdirectories
Result: NOTE Problems with news in ‘NEWS.md’: Cannot extract version info from the following section titles: pre-release juicr (2017 - 2021) Flavors: r-devel-linux-x86_64-debian-clang, r-devel-linux-x86_64-debian-gcc, r-devel-linux-x86_64-fedora-clang, r-devel-linux-x86_64-fedora-gcc, r-devel-windows-x86_64, r-patched-linux-x86_64, r-release-linux-x86_64, r-release-macos-arm64, r-release-macos-x86_64, r-release-windows-x86_64, r-oldrel-macos-arm64, r-oldrel-macos-x86_64, r-oldrel-windows-x86_64