CRAN Package Check Results for Package kernscr

Last updated on 2024-07-20 06:49:22 CEST.

Flavor Version Tinstall Tcheck Ttotal Status Flags
r-devel-linux-x86_64-debian-clang 1.0.6 3.29 28.25 31.54 NOTE
r-devel-linux-x86_64-debian-gcc 1.0.6 2.52 20.99 23.51 NOTE
r-devel-linux-x86_64-fedora-clang 1.0.6 39.39 NOTE
r-devel-linux-x86_64-fedora-gcc 1.0.6 36.81 NOTE
r-devel-windows-x86_64 1.0.6 4.00 44.00 48.00 NOTE
r-patched-linux-x86_64 1.0.6 2.95 27.02 29.97 NOTE
r-release-linux-x86_64 1.0.6 2.19 26.09 28.28 NOTE
r-release-macos-arm64 1.0.6 18.00 NOTE
r-release-macos-x86_64 1.0.6 26.00 NOTE
r-release-windows-x86_64 1.0.6 3.00 44.00 47.00 NOTE
r-oldrel-macos-arm64 1.0.6 18.00 OK
r-oldrel-macos-x86_64 1.0.6 36.00 OK
r-oldrel-windows-x86_64 1.0.6 4.00 44.00 48.00 OK

Check Details

Version: 1.0.6
Check: Rd files
Result: NOTE checkRd: (-1) compute_all_tests.Rd:22: Lost braces in \itemize; meant \describe ? checkRd: (-1) compute_all_tests.Rd:23: Lost braces in \itemize; meant \describe ? checkRd: (-1) compute_all_tests.Rd:24: Lost braces in \itemize; meant \describe ? checkRd: (-1) compute_all_tests.Rd:25: Lost braces in \itemize; meant \describe ? checkRd: (-1) compute_all_tests.Rd:26: Lost braces in \itemize; meant \describe ? checkRd: (-1) compute_all_tests.Rd:27: Lost braces in \itemize; meant \describe ? checkRd: (-1) compute_all_tests.Rd:28: Lost braces in \itemize; meant \describe ? checkRd: (-1) compute_all_tests.Rd:58: Lost braces in \itemize; \value handles \item{}{} directly checkRd: (-1) compute_all_tests.Rd:59: Lost braces in \itemize; \value handles \item{}{} directly checkRd: (-1) compute_all_tests.Rd:60: Lost braces in \itemize; \value handles \item{}{} directly checkRd: (-1) compute_all_tests.Rd:61: Lost braces in \itemize; \value handles \item{}{} directly checkRd: (-1) compute_all_tests.Rd:62: Lost braces in \itemize; \value handles \item{}{} directly checkRd: (-1) compute_all_tests.Rd:64: Lost braces in \itemize; \value handles \item{}{} directly checkRd: (-1) compute_all_tests.Rd:65-66: Lost braces in \itemize; \value handles \item{}{} directly checkRd: (-1) sim_SCR_data.Rd:43: Lost braces in \itemize; \value handles \item{}{} directly checkRd: (-1) sim_SCR_data.Rd:44: Lost braces in \itemize; \value handles \item{}{} directly checkRd: (-1) sim_SCR_data.Rd:45: Lost braces in \itemize; \value handles \item{}{} directly checkRd: (-1) sim_SCR_data.Rd:46: Lost braces in \itemize; \value handles \item{}{} directly checkRd: (-1) sim_SCR_data.Rd:47: Lost braces in \itemize; \value handles \item{}{} directly checkRd: (-1) sim_SCR_data.Rd:48: Lost braces in \itemize; \value handles \item{}{} directly checkRd: (-1) sim_SCR_data.Rd:49: Lost braces in \itemize; \value handles \item{}{} directly Flavors: r-devel-linux-x86_64-debian-clang, r-devel-linux-x86_64-debian-gcc, r-devel-linux-x86_64-fedora-clang, r-devel-linux-x86_64-fedora-gcc, r-devel-windows-x86_64, r-patched-linux-x86_64, r-release-linux-x86_64, r-release-macos-arm64, r-release-macos-x86_64, r-release-windows-x86_64