Last updated on 2025-01-16 04:49:28 CET.
Flavor | Version | Tinstall | Tcheck | Ttotal | Status | Flags |
---|---|---|---|---|---|---|
r-devel-linux-x86_64-debian-clang | 0.4.1 | 4.22 | 40.06 | 44.28 | OK | |
r-devel-linux-x86_64-debian-gcc | 0.4.1 | 2.77 | 28.17 | 30.94 | OK | |
r-devel-linux-x86_64-fedora-clang | 0.4.1 | 72.81 | OK | |||
r-devel-linux-x86_64-fedora-gcc | 0.4.1 | 68.94 | OK | |||
r-devel-windows-x86_64 | 0.4.1 | 9.00 | 64.00 | 73.00 | OK | |
r-patched-linux-x86_64 | 0.4.1 | 3.83 | 37.56 | 41.39 | NOTE | |
r-release-linux-x86_64 | 0.4.1 | 4.18 | 37.28 | 41.46 | NOTE | |
r-release-macos-arm64 | 0.4.1 | 23.00 | NOTE | |||
r-release-macos-x86_64 | 0.4.1 | 37.00 | NOTE | |||
r-release-windows-x86_64 | 0.4.1 | 7.00 | 61.00 | 68.00 | NOTE | |
r-oldrel-macos-arm64 | 0.4.1 | 25.00 | NOTE | |||
r-oldrel-macos-x86_64 | 0.4.1 | 36.00 | NOTE | |||
r-oldrel-windows-x86_64 | 0.4.1 | 7.00 | 68.00 | 75.00 | NOTE |
Version: 0.4.1
Check: LazyData
Result: NOTE
'LazyData' is specified without a 'data' directory
Flavors: r-patched-linux-x86_64, r-release-linux-x86_64, r-release-macos-arm64, r-release-macos-x86_64, r-release-windows-x86_64, r-oldrel-macos-arm64, r-oldrel-macos-x86_64, r-oldrel-windows-x86_64