CRAN Package Check Results for Package lg

Last updated on 2024-07-20 06:49:23 CEST.

Flavor Version Tinstall Tcheck Ttotal Status Flags
r-devel-linux-x86_64-debian-clang 0.4.1 4.91 52.59 57.50 NOTE
r-devel-linux-x86_64-debian-gcc 0.4.1 3.89 38.06 41.95 NOTE
r-devel-linux-x86_64-fedora-clang 0.4.1 71.48 NOTE
r-devel-linux-x86_64-fedora-gcc 0.4.1 65.78 NOTE
r-devel-windows-x86_64 0.4.1 8.00 62.00 70.00 NOTE
r-patched-linux-x86_64 0.4.1 5.80 49.21 55.01 NOTE
r-release-linux-x86_64 0.4.1 3.11 48.53 51.64 NOTE
r-release-macos-arm64 0.4.1 23.00 NOTE
r-release-macos-x86_64 0.4.1 37.00 NOTE
r-release-windows-x86_64 0.4.1 7.00 62.00 69.00 NOTE
r-oldrel-macos-arm64 0.4.1 25.00 NOTE
r-oldrel-macos-x86_64 0.4.1 36.00 NOTE
r-oldrel-windows-x86_64 0.4.1 7.00 68.00 75.00 NOTE

Check Details

Version: 0.4.1
Check: LazyData
Result: NOTE 'LazyData' is specified without a 'data' directory Flavors: r-devel-linux-x86_64-debian-clang, r-devel-linux-x86_64-debian-gcc, r-devel-linux-x86_64-fedora-clang, r-devel-linux-x86_64-fedora-gcc, r-devel-windows-x86_64, r-patched-linux-x86_64, r-release-linux-x86_64, r-release-macos-arm64, r-release-macos-x86_64, r-release-windows-x86_64, r-oldrel-macos-arm64, r-oldrel-macos-x86_64, r-oldrel-windows-x86_64