CRAN Package Check Results for Package lightgbm

Last updated on 2024-07-20 06:49:23 CEST.

Flavor Version Tinstall Tcheck Ttotal Status Flags
r-devel-linux-x86_64-debian-clang 4.4.0 579.62 147.58 727.20 OK
r-devel-linux-x86_64-debian-gcc 4.4.0 492.26 199.90 692.16 OK
r-devel-linux-x86_64-fedora-clang 4.4.0 1401.05 NOTE
r-devel-linux-x86_64-fedora-gcc 4.4.0 1366.76 WARN
r-devel-windows-x86_64 4.4.0 522.00 180.00 702.00 NOTE
r-patched-linux-x86_64 4.4.0 571.80 198.89 770.69 OK
r-release-linux-x86_64 4.4.0 590.29 204.80 795.09 OK
r-release-macos-arm64 4.4.0 347.00 NOTE
r-release-macos-x86_64 4.4.0 455.00 NOTE
r-release-windows-x86_64 4.4.0 515.00 188.00 703.00 NOTE
r-oldrel-macos-arm64 4.4.0 338.00 NOTE
r-oldrel-macos-x86_64 4.4.0 436.00 NOTE
r-oldrel-windows-x86_64 4.4.0 448.00 221.00 669.00 NOTE

Additional issues

gcc12

Check Details

Version: 4.4.0
Check: installed package size
Result: NOTE installed size is 9.5Mb sub-directories of 1Mb or more: libs 8.8Mb Flavors: r-devel-linux-x86_64-fedora-clang, r-devel-windows-x86_64, r-release-macos-arm64, r-release-macos-x86_64, r-release-windows-x86_64, r-oldrel-macos-arm64, r-oldrel-macos-x86_64, r-oldrel-windows-x86_64

Version: 4.4.0
Check: whether package can be installed
Result: WARN Found the following significant warnings: io/dense_bin.hpp:617:27: warning: template-id not allowed for constructor in C++20 [-Wtemplate-id-cdtor] io/multi_val_dense_bin.hpp:346:26: warning: template-id not allowed for constructor in C++20 [-Wtemplate-id-cdtor] io/multi_val_sparse_bin.hpp:433:36: warning: template-id not allowed for constructor in C++20 [-Wtemplate-id-cdtor] io/sparse_bin.hpp:785:19: warning: template-id not allowed for constructor in C++20 [-Wtemplate-id-cdtor] See ‘/data/gannet/ripley/R/packages/tests-devel/lightgbm.Rcheck/00install.out’ for details. * used C++ compiler: ‘g++-14 (GCC) 14.1.0’ Flavor: r-devel-linux-x86_64-fedora-gcc