CRAN Package Check Results for Package lilikoi

Last updated on 2024-06-13 06:58:07 CEST.

Flavor Version Tinstall Tcheck Ttotal Status Flags
r-devel-linux-x86_64-debian-clang 2.1.1 59.49 427.79 487.28 OK
r-devel-linux-x86_64-debian-gcc 2.1.1 0.36 1.96 2.32 ERROR
r-devel-linux-x86_64-fedora-clang 2.1.1 615.90 NOTE
r-devel-linux-x86_64-fedora-gcc 2.1.1 455.42 OK
r-devel-windows-x86_64 2.1.1 49.00 274.00 323.00 OK
r-patched-linux-x86_64 2.1.1 57.68 412.21 469.89 OK
r-release-linux-x86_64 2.1.1 53.84 414.24 468.08 OK
r-release-macos-arm64 2.1.1 161.00 OK
r-release-macos-x86_64 2.1.1 227.00 OK
r-release-windows-x86_64 2.1.1 51.00 281.00 332.00 OK
r-oldrel-macos-arm64 2.1.1 177.00 OK
r-oldrel-macos-x86_64 2.1.1 167.00 OK
r-oldrel-windows-x86_64 2.1.1 69.00 361.00 430.00 OK

Check Details

Version: 2.1.1
Check: package dependencies
Result: ERROR Packages required but not available: 'car', 'caret', 'dplyr', 'ggplot2', 'M3C', 'pathview', 'RCy3', 'stringr', 'survminer' See section ‘The DESCRIPTION file’ in the ‘Writing R Extensions’ manual. Flavor: r-devel-linux-x86_64-debian-gcc

Version: 2.1.1
Check: package dependencies
Result: NOTE Imports includes 26 non-default packages. Importing from so many packages makes the package vulnerable to any of them becoming unavailable. Move as many as possible to Suggests and use conditionally. Flavor: r-devel-linux-x86_64-fedora-clang