Last updated on 2025-01-16 04:49:28 CET.
Flavor | Version | Tinstall | Tcheck | Ttotal | Status | Flags |
---|---|---|---|---|---|---|
r-devel-linux-x86_64-debian-clang | 2.1.1 | 0.55 | 1.93 | 2.48 | ERROR | |
r-devel-linux-x86_64-debian-gcc | 2.1.1 | 0.43 | 1.50 | 1.93 | ERROR | |
r-devel-linux-x86_64-fedora-clang | 2.1.1 | 642.49 | OK | |||
r-devel-linux-x86_64-fedora-gcc | 2.1.1 | 642.46 | OK | |||
r-devel-windows-x86_64 | 2.1.1 | 51.00 | 278.00 | 329.00 | OK | |
r-patched-linux-x86_64 | 2.1.1 | 0.49 | 1.86 | 2.35 | ERROR | |
r-release-linux-x86_64 | 2.1.1 | 47.58 | 310.02 | 357.60 | OK | |
r-release-macos-arm64 | 2.1.1 | 161.00 | OK | |||
r-release-macos-x86_64 | 2.1.1 | 227.00 | OK | |||
r-release-windows-x86_64 | 2.1.1 | 50.00 | 278.00 | 328.00 | OK | |
r-oldrel-macos-arm64 | 2.1.1 | 177.00 | OK | |||
r-oldrel-macos-x86_64 | 2.1.1 | 167.00 | OK | |||
r-oldrel-windows-x86_64 | 2.1.1 | 57.00 | 352.00 | 409.00 | OK |
Version: 2.1.1
Check: package dependencies
Result: ERROR
Package required but not available: ‘h2o’
See section ‘The DESCRIPTION file’ in the ‘Writing R Extensions’
manual.
Flavors: r-devel-linux-x86_64-debian-clang, r-devel-linux-x86_64-debian-gcc, r-patched-linux-x86_64