CRAN Package Check Results for Package log

Last updated on 2024-07-21 05:57:38 CEST.

Flavor Version Tinstall Tcheck Ttotal Status Flags
r-devel-linux-x86_64-debian-clang 1.1.1 4.33 28.40 32.73 OK
r-devel-linux-x86_64-debian-gcc 1.1.1 3.40 22.21 25.61 OK
r-devel-linux-x86_64-fedora-clang 1.1.1 43.20 NOTE
r-devel-linux-x86_64-fedora-gcc 1.1.1 39.97 NOTE
r-devel-windows-x86_64 1.1.1 5.00 45.00 50.00 OK
r-patched-linux-x86_64 1.1.1 4.46 27.86 32.32 OK
r-release-linux-x86_64 1.1.1 4.31 27.57 31.88 OK
r-release-macos-arm64 1.1.1 17.00 OK
r-release-macos-x86_64 1.1.1 25.00 OK
r-release-windows-x86_64 1.1.1 4.00 45.00 49.00 OK
r-oldrel-macos-arm64 1.1.1 19.00 OK
r-oldrel-macos-x86_64 1.1.1 24.00 OK
r-oldrel-windows-x86_64 1.1.1 4.00 48.00 52.00 OK

Check Details

Version: 1.1.1
Check: dependencies in R code
Result: NOTE Namespace in Imports field not imported from: ‘R6’ All declared Imports should be used. Flavors: r-devel-linux-x86_64-fedora-clang, r-devel-linux-x86_64-fedora-gcc