CRAN Package Check Results for Package longurl

Last updated on 2024-06-22 06:50:50 CEST.

Flavor Version Tinstall Tcheck Ttotal Status Flags
r-devel-linux-x86_64-debian-clang 0.3.3 2.16 23.80 25.96 NOTE
r-devel-linux-x86_64-debian-gcc 0.3.3 1.38 18.36 19.74 NOTE
r-devel-linux-x86_64-fedora-clang 0.3.3 31.79 NOTE
r-devel-linux-x86_64-fedora-gcc 0.3.3 30.38 NOTE
r-devel-windows-x86_64 0.3.3 3.00 46.00 49.00 NOTE
r-patched-linux-x86_64 0.3.3 2.04 23.20 25.24 NOTE
r-release-linux-x86_64 0.3.3 2.03 22.96 24.99 NOTE
r-release-macos-arm64 0.3.3 48.00 NOTE
r-release-macos-x86_64 0.3.3 50.00 NOTE
r-release-windows-x86_64 0.3.3 4.00 46.00 50.00 NOTE
r-oldrel-macos-arm64 0.3.3 40.00 NOTE
r-oldrel-macos-x86_64 0.3.3 34.00 NOTE
r-oldrel-windows-x86_64 0.3.3 3.00 48.00 51.00 NOTE

Check Details

Version: 0.3.3
Check: LazyData
Result: NOTE 'LazyData' is specified without a 'data' directory Flavors: r-devel-linux-x86_64-debian-clang, r-devel-linux-x86_64-debian-gcc, r-devel-linux-x86_64-fedora-clang, r-devel-linux-x86_64-fedora-gcc, r-devel-windows-x86_64, r-patched-linux-x86_64, r-release-linux-x86_64, r-release-macos-arm64, r-release-macos-x86_64, r-release-windows-x86_64, r-oldrel-macos-arm64, r-oldrel-macos-x86_64, r-oldrel-windows-x86_64