CRAN Package Check Results for Package loon.ggplot

Last updated on 2024-07-21 05:57:39 CEST.

Flavor Version Tinstall Tcheck Ttotal Status Flags
r-devel-linux-x86_64-debian-clang 1.3.4 30.22 351.62 381.84 OK
r-devel-linux-x86_64-debian-gcc 1.3.4 20.28 253.74 274.02 NOTE
r-devel-linux-x86_64-fedora-clang 1.3.4 491.10 NOTE
r-devel-linux-x86_64-fedora-gcc 1.3.4 470.32 NOTE
r-devel-windows-x86_64 1.3.4 24.00 344.00 368.00 NOTE
r-patched-linux-x86_64 1.3.4 35.23 328.91 364.14 OK
r-release-linux-x86_64 1.3.4 16.44 331.85 348.29 OK
r-release-macos-arm64 1.3.4 240.00 OK
r-release-macos-x86_64 1.3.4 257.00 OK
r-release-windows-x86_64 1.3.4 20.00 335.00 355.00 OK
r-oldrel-macos-arm64 1.3.4 169.00 OK
r-oldrel-macos-x86_64 1.3.4 512.00 OK
r-oldrel-windows-x86_64 1.3.4 21.00 361.00 382.00 OK

Check Details

Version: 1.3.4
Check: Rd cross-references
Result: NOTE Found the following Rd file(s) with Rd \link{} targets missing package anchors: g_getLocations.Rd: l_getLocations g_getPlots.Rd: l_getPlots geom_imageGlyph-deprecated.Rd: geom_image_glyph, geom_polygon_glyph geom_pointrangeGlyph-deprecated.Rd: geom_pointrange geom_serialAxesGlyph-deprecated.Rd: geom_serialaxes_glyph geom_textGlyph-deprecated.Rd: geom_text ggSerialAxes-deprecated.Rd: coord_serialaxes interactivity.Rd: l_info_states l_ggplot.Rd: ggplot linking.Rd: l_getLinkedStates, l_setLinkedStates, l_configure scaleBox.Rd: l_scale3D selection.Rd: l_userOptions zoom.Rd: l_scaleto_plot, l_scaleto_layer, l_scaleto_world, l_scaleto_active, l_scaleto_selected Please provide package anchors for all Rd \link{} targets not in the package itself and the base packages. Flavors: r-devel-linux-x86_64-debian-gcc, r-devel-windows-x86_64

Version: 1.3.4
Check: dependencies in R code
Result: NOTE Namespace in Imports field not imported from: ‘cli’ All declared Imports should be used. Flavors: r-devel-linux-x86_64-fedora-clang, r-devel-linux-x86_64-fedora-gcc