CRAN Package Check Results for Package lpirfs

Last updated on 2024-06-13 06:58:07 CEST.

Flavor Version Tinstall Tcheck Ttotal Status Flags
r-devel-linux-x86_64-debian-clang 0.2.3 145.41 210.37 355.78 NOTE
r-devel-linux-x86_64-debian-gcc 0.2.3 0.46 1.87 2.33 ERROR
r-devel-linux-x86_64-fedora-clang 0.2.3 486.59 NOTE
r-devel-linux-x86_64-fedora-gcc 0.2.3 486.24 NOTE
r-devel-windows-x86_64 0.2.3 112.00 280.00 392.00 NOTE
r-patched-linux-x86_64 0.2.3 131.09 195.79 326.88 NOTE
r-release-linux-x86_64 0.2.3 116.98 186.69 303.67 NOTE
r-release-macos-arm64 0.2.3 149.00 NOTE
r-release-macos-x86_64 0.2.3 215.00 NOTE
r-release-windows-x86_64 0.2.3 114.00 267.00 381.00 NOTE
r-oldrel-macos-arm64 0.2.3 145.00 NOTE
r-oldrel-macos-x86_64 0.2.3 315.00 NOTE
r-oldrel-windows-x86_64 0.2.3 136.00 338.00 474.00 OK

Check Details

Version: 0.2.3
Check: Rd files
Result: NOTE checkRd: (-1) lp_nl.Rd:70: Lost braces; missing escapes or markup? 70 | Regime 1 = (1-\eqn{F(z_{t-1})})*y_{(t-p)}, \cr | ^ checkRd: (-1) lp_nl.Rd:71: Lost braces; missing escapes or markup? 71 | Regime 2 = \eqn{F(z_{t-1})}*y_{(t-p)}.} | ^ checkRd: (-1) lp_nl.Rd:128: Lost braces; missing escapes or markup? 128 | \item{fz}{A vector containing the values of the transition function F(z_{t-1}).} | ^ checkRd: (-1) lp_nl_iv.Rd:84: Lost braces; missing escapes or markup? 84 | Regime 1 = (1-\eqn{F(z_{t-1})})*y_{(t-p)}, \cr | ^ checkRd: (-1) lp_nl_iv.Rd:85: Lost braces; missing escapes or markup? 85 | Regime 2 = \eqn{F(z_{t-1})}*y_{(t-p)}.} | ^ checkRd: (-1) lp_nl_iv.Rd:129: Lost braces; missing escapes or markup? 129 | \item{fz}{A vector, containing the values of the transition function F(z_{t-1}).} | ^ checkRd: (-1) lp_nl_panel.Rd:103: Lost braces; missing escapes or markup? 103 | Regime 1 = (1-\eqn{F(z_{t-1})})*y_{(t-p)}, \cr | ^ checkRd: (-1) lp_nl_panel.Rd:104: Lost braces; missing escapes or markup? 104 | Regime 2 = \eqn{F(z_{t-1})}*y_{(t-p)}. | ^ Flavors: r-devel-linux-x86_64-debian-clang, r-devel-linux-x86_64-fedora-clang, r-devel-linux-x86_64-fedora-gcc, r-devel-windows-x86_64, r-patched-linux-x86_64, r-release-linux-x86_64, r-release-macos-arm64, r-release-macos-x86_64, r-release-windows-x86_64

Version: 0.2.3
Check: package dependencies
Result: ERROR Packages required but not available: 'dplyr', 'ggplot2' Packages suggested but not available for checking: 'testthat', 'readxl', 'ggpubr' See section ‘The DESCRIPTION file’ in the ‘Writing R Extensions’ manual. Flavor: r-devel-linux-x86_64-debian-gcc

Version: 0.2.3
Check: installed package size
Result: NOTE installed size is 5.1Mb sub-directories of 1Mb or more: libs 3.6Mb Flavors: r-release-macos-arm64, r-release-macos-x86_64, r-oldrel-macos-arm64, r-oldrel-macos-x86_64