CRAN Package Check Results for Package lpl

Last updated on 2024-07-20 06:49:23 CEST.

Flavor Version Tinstall Tcheck Ttotal Status Flags
r-devel-linux-x86_64-debian-clang 0.11 9.10 73.52 82.62 OK
r-devel-linux-x86_64-debian-gcc 0.11 6.07 54.80 60.87 OK
r-devel-linux-x86_64-fedora-clang 0.11 103.98 OK
r-devel-linux-x86_64-fedora-gcc 0.11 94.36 OK
r-devel-windows-x86_64 0.11 8.00 69.00 77.00 NOTE
r-patched-linux-x86_64 0.11 9.28 69.80 79.08 OK
r-release-linux-x86_64 0.11 7.10 68.88 75.98 OK
r-release-macos-arm64 0.11 30.00 OK
r-release-macos-x86_64 0.11 45.00 OK
r-release-windows-x86_64 0.11 8.00 69.00 77.00 OK
r-oldrel-macos-arm64 0.11 32.00 OK
r-oldrel-macos-x86_64 0.11 56.00 OK
r-oldrel-windows-x86_64 0.11 10.00 82.00 92.00 OK

Check Details

Version: 0.11
Check: Rd cross-references
Result: NOTE Found the following Rd file(s) with Rd \link{} targets missing package anchors: lplb.Rd: coxph lple.Rd: coxph predict.lple.Rd: predict.coxph survfit.lple.Rd: survfit Please provide package anchors for all Rd \link{} targets not in the package itself and the base packages. Flavor: r-devel-windows-x86_64