CRAN Package Check Results for Package lsa

Last updated on 2024-06-13 06:58:07 CEST.

Flavor Version Tinstall Tcheck Ttotal Status Flags
r-devel-linux-x86_64-debian-clang 0.73.3 3.57 37.94 41.51 NOTE
r-devel-linux-x86_64-debian-gcc 0.73.3 2.68 30.18 32.86 NOTE
r-devel-linux-x86_64-fedora-clang 0.73.3 52.34 NOTE
r-devel-linux-x86_64-fedora-gcc 0.73.3 50.31 NOTE
r-devel-windows-x86_64 0.73.3 5.00 68.00 73.00 NOTE
r-patched-linux-x86_64 0.73.3 3.69 37.07 40.76 NOTE
r-release-linux-x86_64 0.73.3 3.41 37.52 40.93 NOTE
r-release-macos-arm64 0.73.3 22.00 NOTE
r-release-macos-x86_64 0.73.3 28.00 NOTE
r-release-windows-x86_64 0.73.3 5.00 54.00 59.00 NOTE
r-oldrel-macos-arm64 0.73.3 28.00 NOTE
r-oldrel-macos-x86_64 0.73.3 32.00 NOTE
r-oldrel-windows-x86_64 0.73.3 4.00 62.00 66.00 NOTE

Check Details

Version: 0.73.3
Check: Rd files
Result: NOTE checkRd: (-1) specialchars.Rd:6: Escaped LaTeX specials: \& Flavors: r-devel-linux-x86_64-debian-clang, r-devel-linux-x86_64-debian-gcc, r-devel-linux-x86_64-fedora-clang, r-devel-linux-x86_64-fedora-gcc, r-devel-windows-x86_64, r-patched-linux-x86_64, r-release-linux-x86_64, r-release-macos-arm64, r-release-macos-x86_64, r-release-windows-x86_64, r-oldrel-macos-arm64, r-oldrel-macos-x86_64, r-oldrel-windows-x86_64

Version: 0.73.3
Check: data for non-ASCII characters
Result: NOTE Note: found 143 marked Latin-1 strings Note: found 833 marked UTF-8 strings Flavors: r-devel-linux-x86_64-fedora-clang, r-devel-linux-x86_64-fedora-gcc