CRAN Package Check Results for Package manymome

Last updated on 2024-07-21 05:57:39 CEST.

Flavor Version Tinstall Tcheck Ttotal Status Flags
r-devel-linux-x86_64-debian-clang 0.2.2 12.81 671.92 684.73 OK
r-devel-linux-x86_64-debian-gcc 0.2.2 8.89 489.84 498.73 NOTE
r-devel-linux-x86_64-fedora-clang 0.2.2 822.06 OK
r-devel-linux-x86_64-fedora-gcc 0.2.2 783.50 OK
r-devel-windows-x86_64 0.2.2 11.00 329.00 340.00 NOTE
r-patched-linux-x86_64 0.2.2 19.07 653.58 672.65 OK
r-release-linux-x86_64 0.2.2 9.28 633.49 642.77 OK
r-release-macos-arm64 0.2.2 154.00 OK
r-release-macos-x86_64 0.2.2 495.00 OK
r-release-windows-x86_64 0.2.2 12.00 320.00 332.00 OK
r-oldrel-macos-arm64 0.2.2 177.00 OK
r-oldrel-macos-x86_64 0.2.2 341.00 OK
r-oldrel-windows-x86_64 0.2.2 14.00 425.00 439.00 OK

Check Details

Version: 0.2.2
Check: Rd cross-references
Result: NOTE Found the following Rd file(s) with Rd \link{} targets missing package anchors: check_path.Rd: lavaan index_of_mome.Rd: lavaan-class plot.cond_indirect_effects.Rd: ggplot2 plot_effect_vs_w.Rd: ggplot2 Please provide package anchors for all Rd \link{} targets not in the package itself and the base packages. Flavors: r-devel-linux-x86_64-debian-gcc, r-devel-windows-x86_64