CRAN Package Check Results for Package mcmcOutput

Last updated on 2024-07-25 05:55:02 CEST.

Flavor Version Tinstall Tcheck Ttotal Status Flags
r-devel-linux-x86_64-debian-clang 0.1.3 4.17 45.36 49.53 OK
r-devel-linux-x86_64-debian-gcc 0.1.3 3.09 34.47 37.56 NOTE
r-devel-linux-x86_64-fedora-clang 0.1.3 63.04 OK
r-devel-linux-x86_64-fedora-gcc 0.1.3 63.66 OK
r-devel-windows-x86_64 0.1.3 4.00 68.00 72.00 NOTE
r-patched-linux-x86_64 0.1.3 5.26 43.71 48.97 OK
r-release-linux-x86_64 0.1.3 3.57 42.51 46.08 OK
r-release-macos-arm64 0.1.3 22.00 OK
r-release-macos-x86_64 0.1.3 40.00 OK
r-release-windows-x86_64 0.1.3 4.00 67.00 71.00 OK
r-oldrel-macos-arm64 0.1.3 24.00 OK
r-oldrel-macos-x86_64 0.1.3 35.00 OK
r-oldrel-windows-x86_64 0.1.3 6.00 69.00 75.00 OK

Check Details

Version: 0.1.3
Check: Rd cross-references
Result: NOTE Found the following Rd file(s) with Rd \link{} targets missing package anchors: method_plot.Rd: hdi Please provide package anchors for all Rd \link{} targets not in the package itself and the base packages. Flavors: r-devel-linux-x86_64-debian-gcc, r-devel-windows-x86_64