CRAN Package Check Results for Package metafuse

Last updated on 2024-07-21 05:57:39 CEST.

Flavor Version Tinstall Tcheck Ttotal Status Flags
r-devel-linux-x86_64-debian-clang 2.0-1 8.41 83.11 91.52 NOTE
r-devel-linux-x86_64-debian-gcc 2.0-1 6.43 59.30 65.73 NOTE
r-devel-linux-x86_64-fedora-clang 2.0-1 108.44 NOTE
r-devel-linux-x86_64-fedora-gcc 2.0-1 103.81 NOTE
r-devel-windows-x86_64 2.0-1 9.00 73.00 82.00 NOTE
r-patched-linux-x86_64 2.0-1 7.78 79.21 86.99 NOTE
r-release-linux-x86_64 2.0-1 9.12 80.33 89.45 NOTE
r-release-macos-arm64 2.0-1 34.00 NOTE
r-release-macos-x86_64 2.0-1 49.00 NOTE
r-release-windows-x86_64 2.0-1 8.00 79.00 87.00 NOTE
r-oldrel-macos-arm64 2.0-1 37.00 OK
r-oldrel-macos-x86_64 2.0-1 59.00 OK
r-oldrel-windows-x86_64 2.0-1 10.00 85.00 95.00 OK

Check Details

Version: 2.0-1
Check: Rd files
Result: NOTE checkRd: (-1) datagenerator.Rd:17: Lost braces; missing escapes or markup? 17 | Returns data frame with \code{n*K} rows (if \code{n} is a scalar), or \code{sum(n)} rows (if \code{n} is a \code{K}-element vector). The data frame contains columns "y", "x1", \dots, "x_{p-1}" and "group" if \code{family="gaussian"}, \code{"binomial"} or \code{"poisson"}; or contains columns "time", "status", "x1", \dots, "x_{p-1}" and "group" if \code{family="cox"}. | ^ checkRd: (-1) datagenerator.Rd:17: Lost braces; missing escapes or markup? 17 | Returns data frame with \code{n*K} rows (if \code{n} is a scalar), or \code{sum(n)} rows (if \code{n} is a \code{K}-element vector). The data frame contains columns "y", "x1", \dots, "x_{p-1}" and "group" if \code{family="gaussian"}, \code{"binomial"} or \code{"poisson"}; or contains columns "time", "status", "x1", \dots, "x_{p-1}" and "group" if \code{family="cox"}. | ^ Flavors: r-devel-linux-x86_64-debian-clang, r-devel-linux-x86_64-debian-gcc, r-devel-linux-x86_64-fedora-clang, r-devel-linux-x86_64-fedora-gcc, r-devel-windows-x86_64, r-patched-linux-x86_64, r-release-linux-x86_64, r-release-macos-arm64, r-release-macos-x86_64, r-release-windows-x86_64