CRAN Package Check Results for Package metajam

Last updated on 2024-07-21 05:57:39 CEST.

Flavor Version Tinstall Tcheck Ttotal Status Flags
r-devel-linux-x86_64-debian-clang 0.3.0 14.13 162.61 176.74 OK
r-devel-linux-x86_64-debian-gcc 0.3.0 8.64 121.00 129.64 OK
r-devel-linux-x86_64-fedora-clang 0.3.0 227.03 OK
r-devel-linux-x86_64-fedora-gcc 0.3.0 245.27 OK
r-devel-windows-x86_64 0.3.0 14.00 155.00 169.00 OK
r-patched-linux-x86_64 0.3.0 12.19 150.08 162.27 OK
r-release-linux-x86_64 0.3.0 7.30 141.28 148.58 ERROR
r-release-macos-arm64 0.3.0 111.00 OK
r-release-macos-x86_64 0.3.0 213.00 OK
r-release-windows-x86_64 0.3.0 12.00 153.00 165.00 OK
r-oldrel-macos-arm64 0.3.0 114.00 ERROR
r-oldrel-macos-x86_64 0.3.0 206.00 ERROR
r-oldrel-windows-x86_64 0.3.0 14.00 188.00 202.00 OK

Check Details

Version: 0.3.0
Check: tests
Result: ERROR Running ‘testthat.R’ [24s/48s] Running the tests in ‘tests/testthat.R’ failed. Complete output: > library(testthat) > library(metajam) > > test_check("metajam") [ FAIL 1 | WARN 0 | SKIP 14 | PASS 34 ] ══ Skipped tests (14) ══════════════════════════════════════════════════════════ • On CRAN (14): 'test-check_version.R:13:3', 'test-download_d1_data.R:15:3', 'test-download_d1_data.R:36:3', 'test-download_d1_data.R:57:3', 'test-download_d1_data.R:79:3', 'test-download_d1_data.R:96:3', 'test-download_d1_data.R:117:3', 'test-download_d1_data.R:138:3', 'test-download_d1_data.R:161:3', 'test-download_d1_data_pkg.R:16:3', 'test-download_d1_data_pkg.R:28:3', 'test-get_pkg_pids.R:5:3', 'test-read_d1_files.R:28:3', 'test-read_d1_files.R:50:3' ══ Failed tests ════════════════════════════════════════════════════════════════ ── Error ('test-download_ISO_data.R:13:3'): test data URL with ISO metadata from Research Workspace member node and with multiple data tables ── Error in `.local(x, ...)`: get() error: Error in if (node@APIversion >= "v2") {: argument is of length zero Backtrace: ▆ 1. ├─dataone::getObject(d1c@mn, meta_id) at test-download_ISO_data.R:13:3 2. └─dataone::getObject(d1c@mn, meta_id) 3. └─dataone (local) .local(x, ...) [ FAIL 1 | WARN 0 | SKIP 14 | PASS 34 ] Error: Test failures Execution halted Flavor: r-release-linux-x86_64

Version: 0.3.0
Check: running R code from vignettes
Result: ERROR Errors in running code in vignettes: when running code in ‘use01_dataset-single-arctic.Rmd’ ... > path_folder <- "Data_polaris" > data_url <- "https://arcticdata.io/metacat/d1/mn/v2/object/urn%3Auuid%3Aec704da8-f174-49db-b993-bae479cdc5d9" > knitr::include_graphics("../man/figures/metajam_v1_folder.png") When sourcing ‘use01_dataset-single-arctic.R’: Error: Cannot find the file(s): "../man/figures/metajam_v1_folder.png" Execution halted when running code in ‘use02_dataset-single-dataone.Rmd’ ... > path_folder <- "Data_coweeta" > data_url <- "https://cn.dataone.org/cn/v2/resolve/https%3A%2F%2Fpasta.lternet.edu%2Fpackage%2Fdata%2Feml%2Fedi%2F858%2F1%2F15ad768241d2eeed9f0ba159c ..." ... [TRUNCATED] > knitr::include_graphics("../man/figures/metajam_v1_folder.png") When sourcing ‘use02_dataset-single-dataone.R’: Error: Cannot find the file(s): "../man/figures/metajam_v1_folder.png" Execution halted when running code in ‘use04_reading-raster.Rmd’ ... > knitr::opts_chunk$set(collapse = TRUE, comment = "#>") > knitr::include_graphics("../man/figures/shipping-raster.png") When sourcing ‘use04_reading-raster.R’: Error: Cannot find the file(s): "../man/figures/shipping-raster.png" Execution halted ‘use01_dataset-single-arctic.Rmd’ using ‘UTF-8’... failed ‘use02_dataset-single-dataone.Rmd’ using ‘UTF-8’... failed ‘use03_dataset-batch-processing.Rmd’ using ‘UTF-8’... [1s/1s] OK ‘use04_reading-raster.Rmd’ using ‘UTF-8’... failed ‘use05_package-download.Rmd’ using ‘UTF-8’... [1s/1s] OK Flavor: r-oldrel-macos-arm64

Version: 0.3.0
Check: running R code from vignettes
Result: ERROR Errors in running code in vignettes: when running code in ‘use01_dataset-single-arctic.Rmd’ ... > path_folder <- "Data_polaris" > data_url <- "https://arcticdata.io/metacat/d1/mn/v2/object/urn%3Auuid%3Aec704da8-f174-49db-b993-bae479cdc5d9" > knitr::include_graphics("../man/figures/metajam_v1_folder.png") When sourcing ‘use01_dataset-single-arctic.R’: Error: Cannot find the file(s): "../man/figures/metajam_v1_folder.png" Execution halted when running code in ‘use02_dataset-single-dataone.Rmd’ ... > path_folder <- "Data_coweeta" > data_url <- "https://cn.dataone.org/cn/v2/resolve/https%3A%2F%2Fpasta.lternet.edu%2Fpackage%2Fdata%2Feml%2Fedi%2F858%2F1%2F15ad768241d2eeed9f0ba159c ..." ... [TRUNCATED] > knitr::include_graphics("../man/figures/metajam_v1_folder.png") When sourcing ‘use02_dataset-single-dataone.R’: Error: Cannot find the file(s): "../man/figures/metajam_v1_folder.png" Execution halted when running code in ‘use04_reading-raster.Rmd’ ... > knitr::opts_chunk$set(collapse = TRUE, comment = "#>") > knitr::include_graphics("../man/figures/shipping-raster.png") When sourcing ‘use04_reading-raster.R’: Error: Cannot find the file(s): "../man/figures/shipping-raster.png" Execution halted ‘use01_dataset-single-arctic.Rmd’ using ‘UTF-8’... failed ‘use02_dataset-single-dataone.Rmd’ using ‘UTF-8’... failed ‘use03_dataset-batch-processing.Rmd’ using ‘UTF-8’... [2s/2s] OK ‘use04_reading-raster.Rmd’ using ‘UTF-8’... failed ‘use05_package-download.Rmd’ using ‘UTF-8’... [2s/3s] OK Flavor: r-oldrel-macos-x86_64