CRAN Package Check Results for Package miceafter

Last updated on 2024-06-13 06:58:08 CEST.

Flavor Version Tinstall Tcheck Ttotal Status Flags
r-devel-linux-x86_64-debian-clang 0.5.0 24.41 216.55 240.96 OK
r-devel-linux-x86_64-debian-gcc 0.5.0 0.46 1.93 2.39 ERROR
r-devel-linux-x86_64-fedora-clang 0.5.0 304.07 OK
r-devel-linux-x86_64-fedora-gcc 0.5.0 305.37 OK
r-devel-windows-x86_64 0.5.0 21.00 177.00 198.00 OK
r-patched-linux-x86_64 0.5.0 26.56 211.53 238.09 OK
r-release-linux-x86_64 0.5.0 22.46 217.91 240.37 OK
r-release-macos-arm64 0.5.0 86.00 OK
r-release-macos-x86_64 0.5.0 129.00 OK
r-release-windows-x86_64 0.5.0 21.00 172.00 193.00 OK
r-oldrel-macos-arm64 0.5.0 94.00 OK
r-oldrel-macos-x86_64 0.5.0 147.00 OK
r-oldrel-windows-x86_64 0.5.0 27.00 218.00 245.00 OK

Check Details

Version: 0.5.0
Check: package dependencies
Result: ERROR Packages required but not available: 'rms', 'mice', 'mitml', 'dplyr', 'purrr', 'tidyr', 'tibble', 'stringr', 'car' Packages suggested but not available for checking: 'testthat', 'readr' See section ‘The DESCRIPTION file’ in the ‘Writing R Extensions’ manual. Flavor: r-devel-linux-x86_64-debian-gcc