CRAN Package Check Results for Package microplot

Last updated on 2024-07-14 05:53:36 CEST.

Flavor Version Tinstall Tcheck Ttotal Status Flags
r-devel-linux-x86_64-debian-clang 1.0-45 16.94 174.03 190.97 OK
r-devel-linux-x86_64-debian-gcc 1.0-45 12.98 122.56 135.54 OK
r-devel-linux-x86_64-fedora-clang 1.0-45 238.50 OK
r-devel-linux-x86_64-fedora-gcc 1.0-45 248.52 OK
r-devel-windows-x86_64 1.0-45 16.00 148.00 164.00 NOTE
r-patched-linux-x86_64 1.0-45 17.79 148.39 166.18 OK
r-release-linux-x86_64 1.0-45 11.84 161.47 173.31 OK
r-release-macos-arm64 1.0-45 72.00 OK
r-release-macos-x86_64 1.0-45 121.00 OK
r-release-windows-x86_64 1.0-45 16.00 152.00 168.00 OK
r-oldrel-macos-arm64 1.0-45 79.00 OK
r-oldrel-macos-x86_64 1.0-45 74.00 OK
r-oldrel-windows-x86_64 1.0-45 24.00 177.00 201.00 OK

Check Details

Version: 1.0-45
Check: Rd cross-references
Result: NOTE Found the following Rd file(s) with Rd \link{} targets missing package anchors: latex.AEdotplot.Rd: flextable msWord.Rd: flextable Please provide package anchors for all Rd \link{} targets not in the package itself and the base packages. Flavor: r-devel-windows-x86_64