CRAN Package Check Results for Package microseq

Last updated on 2024-07-20 06:49:24 CEST.

Flavor Version Tinstall Tcheck Ttotal Status Flags
r-devel-linux-x86_64-debian-clang 2.1.6 35.65 62.09 97.74 NOTE
r-devel-linux-x86_64-debian-gcc 2.1.6 21.61 46.34 67.95 NOTE
r-devel-linux-x86_64-fedora-clang 2.1.6 165.96 NOTE
r-devel-linux-x86_64-fedora-gcc 2.1.6 180.51 NOTE
r-devel-windows-x86_64 2.1.6 37.00 99.00 136.00 NOTE
r-patched-linux-x86_64 2.1.6 48.64 57.76 106.40 NOTE
r-release-linux-x86_64 2.1.6 39.93 59.51 99.44 NOTE
r-release-macos-arm64 2.1.6 44.00 NOTE
r-release-macos-x86_64 2.1.6 57.00 NOTE
r-release-windows-x86_64 2.1.6 43.00 97.00 140.00 NOTE
r-oldrel-macos-arm64 2.1.6 48.00 OK
r-oldrel-macos-x86_64 2.1.6 86.00 OK
r-oldrel-windows-x86_64 2.1.6 55.00 107.00 162.00 OK

Check Details

Version: 2.1.6
Check: Rd files
Result: NOTE checkRd: (-1) readFastq.Rd:62: Lost braces 62 | code{\link{readFasta}}. | ^ Flavors: r-devel-linux-x86_64-debian-clang, r-devel-linux-x86_64-debian-gcc, r-devel-linux-x86_64-fedora-clang, r-devel-linux-x86_64-fedora-gcc, r-devel-windows-x86_64, r-patched-linux-x86_64, r-release-linux-x86_64, r-release-macos-arm64, r-release-macos-x86_64, r-release-windows-x86_64

Version: 2.1.6
Check: Rd cross-references
Result: NOTE Found the following Rd file(s) with Rd \link{} targets missing package anchors: findOrfs.Rd: tibble gff2fasta.Rd: tibble lorfs.Rd: tibble msalign.Rd: tibble readFasta.Rd: tibble readFastq.Rd: tibble readGFF.Rd: tibble Please provide package anchors for all Rd \link{} targets not in the package itself and the base packages. Flavor: r-devel-windows-x86_64