CRAN Package Check Results for Package midasr

Last updated on 2024-06-13 06:58:08 CEST.

Flavor Version Tinstall Tcheck Ttotal Status Flags
r-devel-linux-x86_64-debian-clang 0.8 47.37 179.49 226.86 OK
r-devel-linux-x86_64-debian-gcc 0.8 0.50 1.77 2.27 ERROR
r-devel-linux-x86_64-fedora-clang 0.8 355.47 OK
r-devel-linux-x86_64-fedora-gcc 0.8 341.44 OK
r-devel-windows-x86_64 0.8 39.00 203.00 242.00 OK
r-patched-linux-x86_64 0.8 39.69 219.16 258.85 OK
r-release-linux-x86_64 0.8 31.50 223.08 254.58 OK
r-release-macos-arm64 0.8 90.00 OK
r-release-macos-x86_64 0.8 136.00 OK
r-release-windows-x86_64 0.8 37.00 196.00 233.00 OK
r-oldrel-macos-arm64 0.8 97.00 OK
r-oldrel-macos-x86_64 0.8 160.00 OK
r-oldrel-windows-x86_64 0.8 54.00 239.00 293.00 OK

Check Details

Version: 0.8
Check: package dependencies
Result: ERROR Packages required but not available: 'optimx', 'forecast' Packages suggested but not available for checking: 'testthat', 'lubridate' See section ‘The DESCRIPTION file’ in the ‘Writing R Extensions’ manual. Flavor: r-devel-linux-x86_64-debian-gcc