CRAN Package Check Results for Package missMethods

Last updated on 2024-06-13 06:58:08 CEST.

Flavor Version Tinstall Tcheck Ttotal Status Flags
r-devel-linux-x86_64-debian-clang 0.4.0 3.75 76.99 80.74 OK
r-devel-linux-x86_64-debian-gcc 0.4.0 3.14 32.00 35.14 ERROR
r-devel-linux-x86_64-fedora-clang 0.4.0 102.47 OK
r-devel-linux-x86_64-fedora-gcc 0.4.0 108.44 OK
r-devel-windows-x86_64 0.4.0 5.00 77.00 82.00 OK
r-patched-linux-x86_64 0.4.0 4.84 74.23 79.07 OK
r-release-linux-x86_64 0.4.0 3.87 70.87 74.74 OK
r-release-macos-arm64 0.4.0 34.00 OK
r-release-macos-x86_64 0.4.0 52.00 OK
r-release-windows-x86_64 0.4.0 5.00 85.00 90.00 OK
r-oldrel-macos-arm64 0.4.0 34.00 OK
r-oldrel-macos-x86_64 0.4.0 56.00 OK
r-oldrel-windows-x86_64 0.4.0 7.00 100.00 107.00 OK

Check Details

Version: 0.4.0
Check: package dependencies
Result: NOTE Packages suggested but not available for checking: 'ggplot2', 'testthat', 'tibble' Flavor: r-devel-linux-x86_64-debian-gcc

Version: 0.4.0
Check: tests
Result: ERROR Running ‘testthat.R’ [0s/1s] Running the tests in ‘tests/testthat.R’ failed. Complete output: > library(testthat) Error in library(testthat) : there is no package called 'testthat' Execution halted Flavor: r-devel-linux-x86_64-debian-gcc

Version: 0.4.0
Check: re-building of vignette outputs
Result: ERROR Error(s) in re-building vignettes: ... --- re-building ‘Generating-missing-values.Rmd’ using rmarkdown Quitting from lines 52-65 [setup] (Generating-missing-values.Rmd) Error: processing vignette 'Generating-missing-values.Rmd' failed with diagnostics: there is no package called 'ggplot2' --- failed re-building ‘Generating-missing-values.Rmd’ SUMMARY: processing the following file failed: ‘Generating-missing-values.Rmd’ Error: Vignette re-building failed. Execution halted Flavor: r-devel-linux-x86_64-debian-gcc