CRAN Package Check Results for Package missRanger

Last updated on 2024-06-13 06:58:08 CEST.

Flavor Version Tinstall Tcheck Ttotal Status Flags
r-devel-linux-x86_64-debian-clang 2.4.0 1.69 66.48 68.17 OK
r-devel-linux-x86_64-debian-gcc 2.4.0 1.83 36.72 38.55 ERROR
r-devel-linux-x86_64-fedora-clang 2.4.0 89.29 OK
r-devel-linux-x86_64-fedora-gcc 2.4.0 100.74 OK
r-devel-windows-x86_64 2.4.0 3.00 78.00 81.00 OK
r-patched-linux-x86_64 2.4.0 2.56 61.68 64.24 OK
r-release-linux-x86_64 2.4.0 2.04 61.55 63.59 OK
r-release-macos-arm64 2.4.0 37.00 OK
r-release-macos-x86_64 2.4.0 49.00 OK
r-release-windows-x86_64 2.4.0 3.00 82.00 85.00 OK
r-oldrel-macos-arm64 2.4.0 46.00 OK
r-oldrel-macos-x86_64 2.4.0 106.00 OK
r-oldrel-windows-x86_64 2.4.0 4.00 85.00 89.00 OK

Check Details

Version: 2.4.0
Check: package dependencies
Result: NOTE Package suggested but not available for checking: ‘testthat’ Flavor: r-devel-linux-x86_64-debian-gcc

Version: 2.4.0
Check: tests
Result: ERROR Running ‘testthat.R’ [0s/1s] Running the tests in ‘tests/testthat.R’ failed. Complete output: > library(testthat) Error in library(testthat) : there is no package called 'testthat' Execution halted Flavor: r-devel-linux-x86_64-debian-gcc