CRAN Package Check Results for Package mkin

Last updated on 2024-06-13 06:58:09 CEST.

Flavor Version Tinstall Tcheck Ttotal Status Flags
r-devel-linux-x86_64-debian-clang 1.2.6 19.79 300.33 320.12 OK
r-devel-linux-x86_64-debian-gcc 1.2.6 0.96 1.71 2.67 ERROR
r-devel-linux-x86_64-fedora-clang 1.2.6 391.75 OK
r-devel-linux-x86_64-fedora-gcc 1.2.6 372.45 OK
r-devel-windows-x86_64 1.2.6 16.00 324.00 340.00 OK --no-vignettes
r-patched-linux-x86_64 1.2.6 22.85 288.84 311.69 OK
r-release-linux-x86_64 1.2.6 12.61 290.35 302.96 OK
r-release-macos-arm64 1.2.6 174.00 OK
r-release-macos-x86_64 1.2.6 256.00 OK
r-release-windows-x86_64 1.2.6 19.00 369.00 388.00 OK --no-vignettes
r-oldrel-macos-arm64 1.2.6 161.00 OK
r-oldrel-macos-x86_64 1.2.6 323.00 OK
r-oldrel-windows-x86_64 1.2.6 23.00 389.00 412.00 OK --no-vignettes

Check Details

Version: 1.2.6
Check: package dependencies
Result: ERROR Packages required but not available: 'saemix', 'vctrs' Packages suggested but not available for checking: 'testthat', 'vdiffr', 'benchmarkme', 'tibble', 'readxl' See section ‘The DESCRIPTION file’ in the ‘Writing R Extensions’ manual. Flavor: r-devel-linux-x86_64-debian-gcc