CRAN Package Check Results for Package mlrCPO

Last updated on 2024-07-20 06:49:24 CEST.

Flavor Version Tinstall Tcheck Ttotal Status Flags
r-devel-linux-x86_64-debian-clang 0.3.7-7 30.42 434.38 464.80 OK
r-devel-linux-x86_64-debian-gcc 0.3.7-7 25.38 336.85 362.23 OK
r-devel-linux-x86_64-fedora-clang 0.3.7-7 641.96 OK
r-devel-linux-x86_64-fedora-gcc 0.3.7-7 612.87 OK
r-devel-windows-x86_64 0.3.7-7 27.00 371.00 398.00 NOTE
r-patched-linux-x86_64 0.3.7-7 48.30 439.04 487.34 OK
r-release-linux-x86_64 0.3.7-7 29.90 441.35 471.25 OK
r-release-macos-arm64 0.3.7-7 143.00 OK
r-release-macos-x86_64 0.3.7-7 261.00 OK
r-release-windows-x86_64 0.3.7-7 26.00 388.00 414.00 OK
r-oldrel-macos-arm64 0.3.7-7 157.00 OK
r-oldrel-macos-x86_64 0.3.7-7 362.00 OK
r-oldrel-windows-x86_64 0.3.7-7 34.00 480.00 514.00 OK

Check Details

Version: 0.3.7-7
Check: Rd cross-references
Result: NOTE Found the following Rd file(s) with Rd \link{} targets missing package anchors: cpoApplyFun.Rd: Task, setHyperPars, getHyperPars, getParamSet cpoApplyFunRegrTarget.Rd: Task, setHyperPars, getHyperPars, getParamSet cpoAsNumeric.Rd: Task, setHyperPars, getHyperPars, getParamSet cpoCache.Rd: Task, setHyperPars, getHyperPars, getParamSet cpoCbind.Rd: Task, setHyperPars, getHyperPars, getParamSet cpoCollapseFact.Rd: Task, setHyperPars, getHyperPars, getParamSet cpoDropConstants.Rd: Task, setHyperPars, getHyperPars, getParamSet cpoDropMostlyConstants.Rd: Task, setHyperPars, getHyperPars, getParamSet cpoDummyEncode.Rd: Task, setHyperPars, getHyperPars, getParamSet cpoFilterAnova.Rd: Task, setHyperPars, getHyperPars, getParamSet cpoFilterCarscore.Rd: Task, setHyperPars, getHyperPars, getParamSet cpoFilterChiSquared.Rd: Task, setHyperPars, getHyperPars, getParamSet cpoFilterFeatures.Rd: generateFilterValuesData, listFilterMethods, FilterValues, Task, setHyperPars, getHyperPars, getParamSet cpoFilterGainRatio.Rd: Task, setHyperPars, getHyperPars, getParamSet cpoFilterInformationGain.Rd: Task, setHyperPars, getHyperPars, getParamSet cpoFilterKruskal.Rd: Task, setHyperPars, getHyperPars, getParamSet cpoFilterLinearCorrelation.Rd: Task, setHyperPars, getHyperPars, getParamSet cpoFilterMrmr.Rd: Task, setHyperPars, getHyperPars, getParamSet cpoFilterOneR.Rd: Task, setHyperPars, getHyperPars, getParamSet cpoFilterPermutationImportance.Rd: Task, setHyperPars, getHyperPars, getParamSet cpoFilterRankCorrelation.Rd: Task, setHyperPars, getHyperPars, getParamSet cpoFilterRelief.Rd: Task, setHyperPars, getHyperPars, getParamSet cpoFilterRfCImportance.Rd: Task, setHyperPars, getHyperPars, getParamSet cpoFilterRfImportance.Rd: Task, setHyperPars, getHyperPars, getParamSet cpoFilterRfSRCImportance.Rd: Task, setHyperPars, getHyperPars, getParamSet cpoFilterRfSRCMinDepth.Rd: Task, setHyperPars, getHyperPars, getParamSet cpoFilterSymmetricalUncertainty.Rd: Task, setHyperPars, getHyperPars, getParamSet cpoFilterUnivariate.Rd: Task, setHyperPars, getHyperPars, getParamSet cpoFilterVariance.Rd: Task, setHyperPars, getHyperPars, getParamSet cpoFixFactors.Rd: Task, setHyperPars, getHyperPars, getParamSet cpoIca.Rd: Task, setHyperPars, getHyperPars, getParamSet cpoImpactEncodeClassif.Rd: Task, setHyperPars, getHyperPars, getParamSet cpoImpactEncodeRegr.Rd: Task, setHyperPars, getHyperPars, getParamSet cpoImpute.Rd: reimpute, imputations, makeImputeMethod, Task, setHyperPars, getHyperPars, getParamSet cpoImputeConstant.Rd: Task, setHyperPars, getHyperPars, getParamSet cpoImputeHist.Rd: Task, setHyperPars, getHyperPars, getParamSet cpoImputeLearner.Rd: Learner, makeLearner, Task, setHyperPars, getHyperPars, getParamSet cpoImputeMax.Rd: Task, setHyperPars, getHyperPars, getParamSet cpoImputeMean.Rd: Task, setHyperPars, getHyperPars, getParamSet cpoImputeMedian.Rd: Task, setHyperPars, getHyperPars, getParamSet cpoImputeMin.Rd: Task, setHyperPars, getHyperPars, getParamSet cpoImputeMode.Rd: Task, setHyperPars, getHyperPars, getParamSet cpoImputeNormal.Rd: Task, setHyperPars, getHyperPars, getParamSet cpoImputeUniform.Rd: Task, setHyperPars, getHyperPars, getParamSet cpoLogTrafoRegr.Rd: Task, setHyperPars, getHyperPars, getParamSet cpoMakeCols.Rd: Task, setHyperPars, getHyperPars, getParamSet cpoMissingIndicators.Rd: Task, setHyperPars, getHyperPars, getParamSet cpoModelMatrix.Rd: Task, setHyperPars, getHyperPars, getParamSet cpoOversample.Rd: Task, setHyperPars, getHyperPars, getParamSet cpoPca.Rd: Task, setHyperPars, getHyperPars, getParamSet cpoProbEncode.Rd: Task, setHyperPars, getHyperPars, getParamSet cpoQuantileBinNumerics.Rd: Task, setHyperPars, getHyperPars, getParamSet cpoRegrResiduals.Rd: Task, setHyperPars, getHyperPars, getParamSet cpoResponseFromSE.Rd: Task, setHyperPars, getHyperPars, getParamSet cpoSample.Rd: Task, setHyperPars, getHyperPars, getParamSet cpoScale.Rd: Task, setHyperPars, getHyperPars, getParamSet cpoScaleMaxAbs.Rd: Task, setHyperPars, getHyperPars, getParamSet cpoScaleRange.Rd: Task, setHyperPars, getHyperPars, getParamSet cpoSelect.Rd: Task, setHyperPars, getHyperPars, getParamSet cpoSmote.Rd: Task, setHyperPars, getHyperPars, getParamSet cpoSpatialSign.Rd: Task, setHyperPars, getHyperPars, getParamSet cpoTransformParams.Rd: Task, setHyperPars, getHyperPars, getParamSet cpoWrap.Rd: Task, setHyperPars, getHyperPars, getParamSet invert.Rd: Prediction makeCPOCase.Rd: Task, setHyperPars, getHyperPars, getParamSet makeCPOMultiplex.Rd: Task, setHyperPars, getHyperPars, getParamSet pSS.Rd: makeParamSet, ParamSet, LearnerParam, Param Please provide package anchors for all Rd \link{} targets not in the package itself and the base packages. Flavor: r-devel-windows-x86_64