CRAN Package Check Results for Package mnonr

Last updated on 2024-07-21 05:57:40 CEST.

Flavor Version Tinstall Tcheck Ttotal Status Flags
r-devel-linux-x86_64-debian-clang 1.0.0 2.13 27.33 29.46 NOTE
r-devel-linux-x86_64-debian-gcc 1.0.0 1.59 20.29 21.88 NOTE
r-devel-linux-x86_64-fedora-clang 1.0.0 38.56 NOTE
r-devel-linux-x86_64-fedora-gcc 1.0.0 48.96 NOTE
r-devel-windows-x86_64 1.0.0 3.00 42.00 45.00 NOTE
r-patched-linux-x86_64 1.0.0 2.31 25.58 27.89 NOTE
r-release-linux-x86_64 1.0.0 2.27 26.22 28.49 NOTE
r-release-macos-arm64 1.0.0 22.00 NOTE
r-release-macos-x86_64 1.0.0 31.00 NOTE
r-release-windows-x86_64 1.0.0 3.00 43.00 46.00 NOTE
r-oldrel-macos-arm64 1.0.0 20.00 NOTE
r-oldrel-macos-x86_64 1.0.0 32.00 NOTE
r-oldrel-windows-x86_64 1.0.0 3.00 45.00 48.00 NOTE

Check Details

Version: 1.0.0
Check: LazyData
Result: NOTE 'LazyData' is specified without a 'data' directory Flavors: r-devel-linux-x86_64-debian-clang, r-devel-linux-x86_64-debian-gcc, r-devel-linux-x86_64-fedora-clang, r-devel-linux-x86_64-fedora-gcc, r-devel-windows-x86_64, r-patched-linux-x86_64, r-release-linux-x86_64, r-release-macos-arm64, r-release-macos-x86_64, r-release-windows-x86_64, r-oldrel-macos-arm64, r-oldrel-macos-x86_64, r-oldrel-windows-x86_64