CRAN Package Check Results for Package mrgsolve

Last updated on 2024-06-13 06:58:09 CEST.

Flavor Version Tinstall Tcheck Ttotal Status Flags
r-devel-linux-x86_64-debian-clang 1.4.1 163.42 165.96 329.38 OK
r-devel-linux-x86_64-debian-gcc 1.4.1 0.55 1.58 2.13 ERROR
r-devel-linux-x86_64-fedora-clang 1.4.1 441.48 OK
r-devel-linux-x86_64-fedora-gcc 1.4.1 434.16 OK
r-devel-windows-x86_64 1.4.1 139.00 175.00 314.00 OK
r-patched-linux-x86_64 1.4.1 141.69 152.43 294.12 OK
r-release-linux-x86_64 1.4.1 140.50 153.85 294.35 OK
r-release-macos-arm64 1.4.1 94.00 NOTE
r-release-macos-x86_64 1.4.1 132.00 NOTE
r-release-windows-x86_64 1.4.1 143.00 177.00 320.00 OK
r-oldrel-macos-arm64 1.4.1 99.00 NOTE
r-oldrel-macos-x86_64 1.4.1 137.00 NOTE
r-oldrel-windows-x86_64 1.4.1 168.00 220.00 388.00 OK

Check Details

Version: 1.4.1
Check: package dependencies
Result: ERROR Packages required but not available: 'dplyr', 'tibble', 'tidyselect' Packages suggested but not available for checking: 'testthat', 'pmxTools' See section ‘The DESCRIPTION file’ in the ‘Writing R Extensions’ manual. Flavor: r-devel-linux-x86_64-debian-gcc

Version: 1.4.1
Check: installed package size
Result: NOTE installed size is 6.9Mb sub-directories of 1Mb or more: libs 5.0Mb Flavors: r-release-macos-arm64, r-release-macos-x86_64, r-oldrel-macos-arm64, r-oldrel-macos-x86_64