CRAN Package Check Results for Package multiwayvcov

Last updated on 2024-06-18 07:03:59 CEST.

Flavor Version Tinstall Tcheck Ttotal Status Flags
r-devel-linux-x86_64-debian-clang 1.2.3 3.21 28.43 31.64 OK
r-devel-linux-x86_64-debian-gcc 1.2.3 2.36 21.34 23.70 OK
r-devel-linux-x86_64-fedora-clang 1.2.3 40.93 NOTE
r-devel-linux-x86_64-fedora-gcc 1.2.3 37.13 OK
r-devel-windows-x86_64 1.2.3 4.00 43.00 47.00 OK
r-patched-linux-x86_64 1.2.3 3.00 27.57 30.57 OK
r-release-linux-x86_64 1.2.3 2.46 26.75 29.21 OK
r-release-macos-arm64 1.2.3 16.00 OK
r-release-macos-x86_64 1.2.3 26.00 OK
r-release-windows-x86_64 1.2.3 3.00 43.00 46.00 OK
r-oldrel-macos-arm64 1.2.3 16.00 OK
r-oldrel-macos-x86_64 1.2.3 24.00 OK
r-oldrel-windows-x86_64 1.2.3 4.00 45.00 49.00 OK

Check Details

Version: 1.2.3
Check: Rd cross-references
Result: NOTE Undeclared package ‘lfe’ in Rd xrefs Flavor: r-devel-linux-x86_64-fedora-clang