CRAN Package Check Results for Package nFunNN

Last updated on 2024-07-11 05:54:04 CEST.

Flavor Version Tinstall Tcheck Ttotal Status Flags
r-devel-linux-x86_64-debian-clang 1.0 1.44 25.79 27.23 OK
r-devel-linux-x86_64-debian-gcc 1.0 1.84 19.75 21.59 OK
r-devel-linux-x86_64-fedora-clang 1.0 34.38 NOTE
r-devel-linux-x86_64-fedora-gcc 1.0 33.05 NOTE
r-devel-windows-x86_64 1.0 3.00 41.00 44.00 OK
r-patched-linux-x86_64 1.0 1.43 24.12 25.55 OK
r-release-linux-x86_64 1.0 1.39 24.24 25.63 OK
r-release-macos-arm64 1.0 16.00 OK
r-release-macos-x86_64 1.0 21.00 OK
r-release-windows-x86_64 1.0 3.00 42.00 45.00 OK
r-oldrel-macos-arm64 1.0 20.00 OK
r-oldrel-macos-x86_64 1.0 30.00 OK
r-oldrel-windows-x86_64 1.0 4.00 44.00 48.00 OK

Check Details

Version: 1.0
Check: dependencies in R code
Result: NOTE Namespace in Imports field not imported from: ‘stats’ All declared Imports should be used. Flavors: r-devel-linux-x86_64-fedora-clang, r-devel-linux-x86_64-fedora-gcc