CRAN Package Check Results for Package naivereg

Last updated on 2024-07-21 05:57:41 CEST.

Flavor Version Tinstall Tcheck Ttotal Status Flags
r-devel-linux-x86_64-debian-clang 1.0.5 8.65 84.33 92.98 NOTE
r-devel-linux-x86_64-debian-gcc 1.0.5 7.16 65.97 73.13 NOTE
r-devel-linux-x86_64-fedora-clang 1.0.5 118.02 NOTE
r-devel-linux-x86_64-fedora-gcc 1.0.5 113.37 NOTE
r-devel-windows-x86_64 1.0.5 8.00 80.00 88.00 NOTE
r-patched-linux-x86_64 1.0.5 9.28 80.39 89.67 NOTE
r-release-linux-x86_64 1.0.5 8.98 81.17 90.15 NOTE
r-release-macos-arm64 1.0.5 39.00 NOTE
r-release-macos-x86_64 1.0.5 54.00 NOTE
r-release-windows-x86_64 1.0.5 8.00 81.00 89.00 NOTE
r-oldrel-macos-arm64 1.0.5 41.00 OK
r-oldrel-macos-x86_64 1.0.5 66.00 OK
r-oldrel-windows-x86_64 1.0.5 11.00 95.00 106.00 OK

Check Details

Version: 1.0.5
Check: Rd files
Result: NOTE checkRd: (-1) DSIVdata.Rd:15-23: Lost braces 15 | for(i in 1:50){ | ^ checkRd: (-1) DSIVdata.Rd:17-21: Lost braces 17 | for(j in 1:50){ | ^ checkRd: (-1) DSIVdata.Rd:31-39: Lost braces 31 | for(i in 1:20){ | ^ checkRd: (-1) DSIVdata.Rd:33-37: Lost braces 33 | for(j in 1:20){ | ^ checkRd: (-1) DSLIVEdata.Rd:10-18: Lost braces 10 | for(i in 1:200){ | ^ checkRd: (-1) DSLIVEdata.Rd:12-16: Lost braces 12 | for(j in 1:200){ | ^ checkRd: (-1) DSLIVEdata.Rd:26-34: Lost braces 26 | for(i in 1:20){ | ^ checkRd: (-1) DSLIVEdata.Rd:28-32: Lost braces 28 | for(j in 1:20){ | ^ checkRd: (-1) DSLIVEdata.Rd:50-54: Lost braces 50 | for(kk in 1:length(p)){ | ^ Flavors: r-devel-linux-x86_64-debian-clang, r-devel-linux-x86_64-debian-gcc, r-devel-linux-x86_64-fedora-clang, r-devel-linux-x86_64-fedora-gcc, r-devel-windows-x86_64, r-patched-linux-x86_64, r-release-linux-x86_64, r-release-macos-arm64, r-release-macos-x86_64, r-release-windows-x86_64