CRAN Package Check Results for Package nda

Last updated on 2024-07-18 06:57:30 CEST.

Flavor Version Tinstall Tcheck Ttotal Status Flags
r-devel-linux-x86_64-debian-clang 0.1.13 4.14 44.27 48.41 OK
r-devel-linux-x86_64-debian-gcc 0.1.13 3.26 33.29 36.55 OK
r-devel-linux-x86_64-fedora-clang 0.1.13 62.83 OK
r-devel-linux-x86_64-fedora-gcc 0.1.13 57.40 OK
r-devel-windows-x86_64 0.1.13 6.00 61.00 67.00 NOTE
r-patched-linux-x86_64 0.1.13 9.84 41.38 51.22 OK
r-release-linux-x86_64 0.1.13 2.96 41.48 44.44 OK
r-release-macos-arm64 0.1.13 22.00 OK
r-release-macos-x86_64 0.1.13 39.00 OK
r-release-windows-x86_64 0.1.13 6.00 61.00 67.00 OK
r-oldrel-macos-arm64 0.1.13 23.00 OK
r-oldrel-macos-x86_64 0.1.13 46.00 OK
r-oldrel-windows-x86_64 0.1.13 7.00 63.00 70.00 OK

Check Details

Version: 0.1.13
Check: Rd cross-references
Result: NOTE Found the following Rd file(s) with Rd \link{} targets missing package anchors: fs.dmred.Rd: principal, fa Please provide package anchors for all Rd \link{} targets not in the package itself and the base packages. Flavor: r-devel-windows-x86_64