CRAN Package Check Results for Package neuroim

Last updated on 2024-07-14 05:53:38 CEST.

Flavor Version Tinstall Tcheck Ttotal Status Flags
r-devel-linux-x86_64-debian-clang 0.0.6 47.80 193.07 240.87 OK
r-devel-linux-x86_64-debian-gcc 0.0.6 35.13 140.65 175.78 OK
r-devel-linux-x86_64-fedora-clang 0.0.6 321.61 NOTE
r-devel-linux-x86_64-fedora-gcc 0.0.6 299.84 NOTE
r-devel-windows-x86_64 0.0.6 39.00 188.00 227.00 OK
r-patched-linux-x86_64 0.0.6 46.29 179.33 225.62 OK
r-release-linux-x86_64 0.0.6 26.70 177.01 203.71 OK
r-release-macos-arm64 0.0.6 85.00 OK
r-release-macos-x86_64 0.0.6 248.00 OK
r-release-windows-x86_64 0.0.6 42.00 194.00 236.00 OK
r-oldrel-macos-arm64 0.0.6 88.00 OK
r-oldrel-macos-x86_64 0.0.6 151.00 OK
r-oldrel-windows-x86_64 0.0.6 52.00 237.00 289.00 OK

Check Details

Version: 0.0.6
Check: compiled code
Result: NOTE File ‘neuroim/libs/neuroim.so’: Found no calls to: ‘R_registerRoutines’, ‘R_useDynamicSymbols’ It is good practice to register native routines and to disable symbol search. See ‘Writing portable packages’ in the ‘Writing R Extensions’ manual. Flavors: r-devel-linux-x86_64-fedora-clang, r-devel-linux-x86_64-fedora-gcc