CRAN Package Check Results for Package nopp

Last updated on 2024-07-21 05:57:41 CEST.

Flavor Version Tinstall Tcheck Ttotal Status Flags
r-devel-linux-x86_64-debian-clang 1.1.2 6.07 53.86 59.93 NOTE
r-devel-linux-x86_64-debian-gcc 1.1.2 4.87 41.11 45.98 NOTE
r-devel-linux-x86_64-fedora-clang 1.1.2 76.19 NOTE
r-devel-linux-x86_64-fedora-gcc 1.1.2 70.94 NOTE
r-devel-windows-x86_64 1.1.2 7.00 61.00 68.00 NOTE
r-patched-linux-x86_64 1.1.2 9.65 51.09 60.74 NOTE
r-release-linux-x86_64 1.1.2 5.02 53.43 58.45 NOTE
r-release-macos-arm64 1.1.2 25.00 NOTE
r-release-macos-x86_64 1.1.2 37.00 NOTE
r-release-windows-x86_64 1.1.2 7.00 67.00 74.00 NOTE
r-oldrel-macos-arm64 1.1.2 27.00 OK
r-oldrel-macos-x86_64 1.1.2 36.00 OK
r-oldrel-windows-x86_64 1.1.2 8.00 69.00 77.00 OK

Check Details

Version: 1.1.2
Check: Rd files
Result: NOTE checkRd: (-1) set.data.Rd:14: Lost braces; missing escapes or markup? 14 | \item{shape}{either \code{wide} or {long}. Default \code{wide}. See Details.} | ^ Flavors: r-devel-linux-x86_64-debian-clang, r-devel-linux-x86_64-debian-gcc, r-devel-linux-x86_64-fedora-clang, r-devel-linux-x86_64-fedora-gcc, r-devel-windows-x86_64, r-patched-linux-x86_64, r-release-linux-x86_64, r-release-macos-arm64, r-release-macos-x86_64, r-release-windows-x86_64

Version: 1.1.2
Check: Rd cross-references
Result: NOTE Found the following Rd file(s) with Rd \link{} targets missing package anchors: set.data.Rd: mlogit.data Please provide package anchors for all Rd \link{} targets not in the package itself and the base packages. Flavors: r-devel-linux-x86_64-debian-gcc, r-devel-windows-x86_64