CRAN Package Check Results for Package notifyme

Last updated on 2024-06-18 07:04:00 CEST.

Flavor Version Tinstall Tcheck Ttotal Status Flags
r-devel-linux-x86_64-debian-clang 0.3.0 2.17 22.51 24.68 NOTE
r-devel-linux-x86_64-debian-gcc 0.3.0 1.82 17.72 19.54 NOTE
r-devel-linux-x86_64-fedora-clang 0.3.0 31.08 NOTE
r-devel-linux-x86_64-fedora-gcc 0.3.0 29.44 NOTE
r-devel-windows-x86_64 0.3.0 4.00 44.00 48.00 NOTE
r-patched-linux-x86_64 0.3.0 1.69 22.30 23.99 NOTE
r-release-linux-x86_64 0.3.0 2.11 21.90 24.01 NOTE
r-release-macos-arm64 0.3.0 15.00 NOTE
r-release-macos-x86_64 0.3.0 19.00 NOTE
r-release-windows-x86_64 0.3.0 3.00 41.00 44.00 NOTE
r-oldrel-macos-arm64 0.3.0 19.00 NOTE
r-oldrel-macos-x86_64 0.3.0 19.00 NOTE
r-oldrel-windows-x86_64 0.3.0 4.00 40.00 44.00 NOTE

Check Details

Version: 0.3.0
Check: LazyData
Result: NOTE 'LazyData' is specified without a 'data' directory Flavors: r-devel-linux-x86_64-debian-clang, r-devel-linux-x86_64-debian-gcc, r-devel-linux-x86_64-fedora-clang, r-devel-linux-x86_64-fedora-gcc, r-devel-windows-x86_64, r-patched-linux-x86_64, r-release-linux-x86_64, r-release-macos-arm64, r-release-macos-x86_64, r-release-windows-x86_64, r-oldrel-macos-arm64, r-oldrel-macos-x86_64, r-oldrel-windows-x86_64