CRAN Package Check Results for Package nplyr

Last updated on 2024-07-21 05:57:41 CEST.

Flavor Version Tinstall Tcheck Ttotal Status Flags
r-devel-linux-x86_64-debian-clang 0.2.0 5.60 70.19 75.79 OK
r-devel-linux-x86_64-debian-gcc 0.2.0 4.43 55.69 60.12 NOTE
r-devel-linux-x86_64-fedora-clang 0.2.0 97.27 NOTE
r-devel-linux-x86_64-fedora-gcc 0.2.0 102.37 OK
r-devel-windows-x86_64 0.2.0 9.00 78.00 87.00 NOTE
r-patched-linux-x86_64 0.2.0 13.64 66.36 80.00 OK
r-release-linux-x86_64 0.2.0 3.38 69.49 72.87 OK
r-release-macos-arm64 0.2.0 36.00 OK
r-release-macos-x86_64 0.2.0 95.00 OK
r-release-windows-x86_64 0.2.0 6.00 79.00 85.00 OK
r-oldrel-macos-arm64 0.2.0 123.00 OK
r-oldrel-macos-x86_64 0.2.0 58.00 OK
r-oldrel-windows-x86_64 0.2.0 8.00 92.00 100.00 OK

Check Details

Version: 0.2.0
Check: Rd cross-references
Result: NOTE Found the following Rd file(s) with Rd \link{} targets missing package anchors: nest_fill.Rd: tidyr_tidy_select Please provide package anchors for all Rd \link{} targets not in the package itself and the base packages. Flavors: r-devel-linux-x86_64-debian-gcc, r-devel-windows-x86_64

Version: 0.2.0
Check: Rd cross-references
Result: NOTE Undeclared package ‘tidyselect’ in Rd xrefs Flavor: r-devel-linux-x86_64-fedora-clang