CRAN Package Check Results for Package odin

Last updated on 2024-06-13 06:58:10 CEST.

Flavor Version Tinstall Tcheck Ttotal Status Flags
r-devel-linux-x86_64-debian-clang 1.2.5 12.28 161.36 173.64 OK
r-devel-linux-x86_64-debian-gcc 1.2.5 9.56 84.56 94.12 ERROR
r-devel-linux-x86_64-fedora-clang 1.2.5 215.72 OK
r-devel-linux-x86_64-fedora-gcc 1.2.5 229.16 OK
r-devel-windows-x86_64 1.2.5 10.00 154.00 164.00 OK
r-patched-linux-x86_64 1.2.5 10.86 151.02 161.88 OK
r-release-linux-x86_64 1.2.5 10.73 150.64 161.37 OK
r-release-macos-arm64 1.2.5 75.00 OK
r-release-macos-x86_64 1.2.5 124.00 OK
r-release-windows-x86_64 1.2.5 11.00 175.00 186.00 OK
r-oldrel-macos-arm64 1.2.5 77.00 OK
r-oldrel-macos-x86_64 1.2.5 161.00 OK
r-oldrel-windows-x86_64 1.2.5 13.00 182.00 195.00 OK

Check Details

Version: 1.2.5
Check: package dependencies
Result: NOTE Packages suggested but not available for checking: 'mockery', 'testthat' Flavor: r-devel-linux-x86_64-debian-gcc

Version: 1.2.5
Check: tests
Result: ERROR Running ‘testthat.R’ [0s/1s] Running the tests in ‘tests/testthat.R’ failed. Complete output: > library(testthat) Error in library(testthat) : there is no package called 'testthat' Execution halted Flavor: r-devel-linux-x86_64-debian-gcc