CRAN Package Check Results for Package oncrawlR

Last updated on 2024-07-14 05:53:38 CEST.

Flavor Version Tinstall Tcheck Ttotal Status Flags
r-devel-linux-x86_64-debian-clang 0.2.0 3.86 40.64 44.50 NOTE
r-devel-linux-x86_64-debian-gcc 0.2.0 3.28 30.81 34.09 NOTE
r-devel-linux-x86_64-fedora-clang 0.2.0 56.94 NOTE
r-devel-linux-x86_64-fedora-gcc 0.2.0 53.72 NOTE
r-devel-windows-x86_64 0.2.0 6.00 54.00 60.00 NOTE
r-patched-linux-x86_64 0.2.0 2.75 39.47 42.22 NOTE
r-release-linux-x86_64 0.2.0 2.76 38.26 41.02 NOTE
r-release-macos-arm64 0.2.0 22.00 NOTE
r-release-macos-x86_64 0.2.0 29.00 NOTE
r-release-windows-x86_64 0.2.0 5.00 55.00 60.00 NOTE
r-oldrel-macos-arm64 0.2.0 24.00 NOTE
r-oldrel-macos-x86_64 0.2.0 30.00 NOTE
r-oldrel-windows-x86_64 0.2.0 8.00 59.00 67.00 NOTE

Additional issues

donttest

Check Details

Version: 0.2.0
Check: LazyData
Result: NOTE 'LazyData' is specified without a 'data' directory Flavors: r-devel-linux-x86_64-debian-clang, r-devel-linux-x86_64-debian-gcc, r-devel-linux-x86_64-fedora-clang, r-devel-linux-x86_64-fedora-gcc, r-devel-windows-x86_64, r-patched-linux-x86_64, r-release-linux-x86_64, r-release-macos-arm64, r-release-macos-x86_64, r-release-windows-x86_64, r-oldrel-macos-arm64, r-oldrel-macos-x86_64, r-oldrel-windows-x86_64

Version: 0.2.0
Check: package dependencies
Result: NOTE Imports includes 21 non-default packages. Importing from so many packages makes the package vulnerable to any of them becoming unavailable. Move as many as possible to Suggests and use conditionally. Flavor: r-devel-linux-x86_64-fedora-clang

Version: 0.2.0
Check: dependencies in R code
Result: NOTE Namespaces in Imports field not imported from: ‘e1071’ ‘fs’ ‘pdp’ All declared Imports should be used. Flavors: r-devel-linux-x86_64-fedora-clang, r-devel-linux-x86_64-fedora-gcc