CRAN Package Check Results for Package openNLP

Last updated on 2024-06-18 07:04:00 CEST.

Flavor Version Tinstall Tcheck Ttotal Status Flags
r-devel-linux-x86_64-debian-clang 0.2-7 4.53 45.38 49.91 NOTE
r-devel-linux-x86_64-debian-gcc 0.2-7 3.35 33.99 37.34 NOTE
r-devel-linux-x86_64-fedora-clang 0.2-7 68.32 NOTE
r-devel-linux-x86_64-fedora-gcc 0.2-7 63.70 NOTE
r-devel-windows-x86_64 0.2-7 4.00 52.00 56.00 NOTE
r-patched-linux-x86_64 0.2-7 4.38 44.36 48.74 NOTE
r-release-linux-x86_64 0.2-7 3.86 45.00 48.86 NOTE
r-release-macos-arm64 0.2-7 23.00 NOTE
r-release-macos-x86_64 0.2-7 32.00 NOTE
r-release-windows-x86_64 0.2-7 4.00 52.00 56.00 NOTE
r-oldrel-macos-arm64 0.2-7 27.00 NOTE
r-oldrel-macos-x86_64 0.2-7 30.00 NOTE
r-oldrel-windows-x86_64 0.2-7 7.00 58.00 65.00 NOTE

Additional issues

donttest

Check Details

Version: 0.2-7
Check: package dependencies
Result: NOTE Package suggested but not available for checking: ‘openNLPmodels.en’ Flavors: r-devel-linux-x86_64-debian-clang, r-devel-linux-x86_64-debian-gcc, r-devel-linux-x86_64-fedora-clang, r-devel-linux-x86_64-fedora-gcc, r-devel-windows-x86_64, r-patched-linux-x86_64, r-release-linux-x86_64, r-release-macos-arm64, r-release-macos-x86_64, r-release-windows-x86_64, r-oldrel-macos-arm64, r-oldrel-macos-x86_64, r-oldrel-windows-x86_64