CRAN Package Check Results for Package opitools

Last updated on 2024-07-18 06:57:30 CEST.

Flavor Version Tinstall Tcheck Ttotal Status Flags
r-devel-linux-x86_64-debian-clang 1.8.0 11.30 138.18 149.48 NOTE
r-devel-linux-x86_64-debian-gcc 1.8.0 9.57 104.06 113.63 NOTE
r-devel-linux-x86_64-fedora-clang 1.8.0 190.17 NOTE
r-devel-linux-x86_64-fedora-gcc 1.8.0 192.67 NOTE
r-devel-windows-x86_64 1.8.0 13.00 118.00 131.00 NOTE
r-patched-linux-x86_64 1.8.0 13.38 134.36 147.74 NOTE
r-release-linux-x86_64 1.8.0 7.98 130.06 138.04 NOTE
r-release-macos-arm64 1.8.0 64.00 NOTE
r-release-macos-x86_64 1.8.0 95.00 NOTE
r-release-windows-x86_64 1.8.0 13.00 119.00 132.00 NOTE
r-oldrel-macos-arm64 1.8.0 58.00 NOTE
r-oldrel-macos-x86_64 1.8.0 101.00 NOTE
r-oldrel-windows-x86_64 1.8.0 16.00 145.00 161.00 NOTE

Check Details

Version: 1.8.0
Check: package subdirectories
Result: NOTE Problems with news in ‘NEWS.md’: No news entries found. Flavors: r-devel-linux-x86_64-debian-clang, r-devel-linux-x86_64-debian-gcc, r-devel-linux-x86_64-fedora-clang, r-devel-linux-x86_64-fedora-gcc, r-devel-windows-x86_64, r-patched-linux-x86_64, r-release-linux-x86_64, r-release-macos-arm64, r-release-macos-x86_64, r-release-windows-x86_64, r-oldrel-macos-arm64, r-oldrel-macos-x86_64, r-oldrel-windows-x86_64

Version: 1.8.0
Check: Rd files
Result: NOTE checkRd: (-1) word_imp.Rd:14: Lost braces 14 | number of individual records. An \code{n} x code{2} dataframe can | ^ Flavors: r-devel-linux-x86_64-debian-clang, r-devel-linux-x86_64-debian-gcc, r-devel-linux-x86_64-fedora-clang, r-devel-linux-x86_64-fedora-gcc, r-devel-windows-x86_64, r-patched-linux-x86_64, r-release-linux-x86_64, r-release-macos-arm64, r-release-macos-x86_64, r-release-windows-x86_64