CRAN Package Check Results for Package optweight

Last updated on 2024-07-18 06:57:31 CEST.

Flavor Version Tinstall Tcheck Ttotal Status Flags
r-devel-linux-x86_64-debian-clang 0.2.5 12.20 106.64 118.84 NOTE
r-devel-linux-x86_64-debian-gcc 0.2.5 10.56 79.02 89.58 NOTE
r-devel-linux-x86_64-fedora-clang 0.2.5 151.77 NOTE
r-devel-linux-x86_64-fedora-gcc 0.2.5 148.26 NOTE
r-devel-windows-x86_64 0.2.5 13.00 89.00 102.00 NOTE
r-patched-linux-x86_64 0.2.5 12.45 103.06 115.51 NOTE
r-release-linux-x86_64 0.2.5 10.10 100.67 110.77 NOTE
r-release-macos-arm64 0.2.5 40.00 NOTE
r-release-macos-x86_64 0.2.5 64.00 NOTE
r-release-windows-x86_64 0.2.5 13.00 90.00 103.00 NOTE
r-oldrel-macos-arm64 0.2.5 45.00 NOTE
r-oldrel-macos-x86_64 0.2.5 74.00 NOTE
r-oldrel-windows-x86_64 0.2.5 16.00 115.00 131.00 NOTE

Check Details

Version: 0.2.5
Check: package subdirectories
Result: NOTE Problems with news in ‘NEWS.md’: No news entries found. Flavors: r-devel-linux-x86_64-debian-clang, r-devel-linux-x86_64-debian-gcc, r-devel-linux-x86_64-fedora-clang, r-devel-linux-x86_64-fedora-gcc, r-devel-windows-x86_64, r-patched-linux-x86_64, r-release-linux-x86_64, r-release-macos-arm64, r-release-macos-x86_64, r-release-windows-x86_64, r-oldrel-macos-arm64, r-oldrel-macos-x86_64, r-oldrel-windows-x86_64

Version: 0.2.5
Check: LazyData
Result: NOTE 'LazyData' is specified without a 'data' directory Flavors: r-devel-linux-x86_64-debian-clang, r-devel-linux-x86_64-debian-gcc, r-devel-linux-x86_64-fedora-clang, r-devel-linux-x86_64-fedora-gcc, r-devel-windows-x86_64, r-patched-linux-x86_64, r-release-linux-x86_64, r-release-macos-arm64, r-release-macos-x86_64, r-release-windows-x86_64, r-oldrel-macos-arm64, r-oldrel-macos-x86_64, r-oldrel-windows-x86_64