CRAN Package Check Results for Package p3state.msm

Last updated on 2024-07-18 06:57:31 CEST.

Flavor Version Tinstall Tcheck Ttotal Status Flags
r-devel-linux-x86_64-debian-clang 1.3.2 6.70 72.26 78.96 OK
r-devel-linux-x86_64-debian-gcc 1.3.2 5.11 53.57 58.68 OK
r-devel-linux-x86_64-fedora-clang 1.3.2 100.40 OK
r-devel-linux-x86_64-fedora-gcc 1.3.2 93.91 OK
r-devel-windows-x86_64 1.3.2 9.00 69.00 78.00 NOTE
r-patched-linux-x86_64 1.3.2 7.96 67.89 75.85 OK
r-release-linux-x86_64 1.3.2 6.85 69.25 76.10 OK
r-release-macos-arm64 1.3.2 32.00 OK
r-release-macos-x86_64 1.3.2 44.00 OK
r-release-windows-x86_64 1.3.2 7.00 69.00 76.00 OK
r-oldrel-macos-arm64 1.3.2 35.00 OK
r-oldrel-macos-x86_64 1.3.2 53.00 OK
r-oldrel-windows-x86_64 1.3.2 10.00 80.00 90.00 OK

Check Details

Version: 1.3.2
Check: Rd cross-references
Result: NOTE Found the following Rd file(s) with Rd \link{} targets missing package anchors: heart2.Rd: heart Please provide package anchors for all Rd \link{} targets not in the package itself and the base packages. Flavor: r-devel-windows-x86_64