CRAN Package Check Results for Package pammtools

Last updated on 2024-07-21 05:57:42 CEST.

Flavor Version Tinstall Tcheck Ttotal Status Flags
r-devel-linux-x86_64-debian-clang 0.5.93 17.33 193.57 210.90 OK
r-devel-linux-x86_64-debian-gcc 0.5.93 14.76 143.64 158.40 NOTE
r-devel-linux-x86_64-fedora-clang 0.5.93 259.34 OK
r-devel-linux-x86_64-fedora-gcc 0.5.93 258.58 OK
r-devel-windows-x86_64 0.5.93 16.00 163.00 179.00 NOTE
r-patched-linux-x86_64 0.5.93 24.44 181.78 206.22 OK
r-release-linux-x86_64 0.5.93 18.70 185.13 203.83 OK
r-release-macos-arm64 0.5.93 73.00 OK
r-release-macos-x86_64 0.5.93 107.00 OK
r-release-windows-x86_64 0.5.93 16.00 163.00 179.00 OK
r-oldrel-macos-arm64 0.5.93 82.00 OK
r-oldrel-macos-x86_64 0.5.93 135.00 OK
r-oldrel-windows-x86_64 0.5.93 23.00 200.00 223.00 OK

Check Details

Version: 0.5.93
Check: Rd cross-references
Result: NOTE Found the following Rd file(s) with Rd \link{} targets missing package anchors: pammtools.Rd: Stat Please provide package anchors for all Rd \link{} targets not in the package itself and the base packages. Flavors: r-devel-linux-x86_64-debian-gcc, r-devel-windows-x86_64