CRAN Package Check Results for Package pathlit

Last updated on 2024-07-21 05:57:42 CEST.

Flavor Version Tinstall Tcheck Ttotal Status Flags
r-devel-linux-x86_64-debian-clang 0.1.0 4.89 47.72 52.61 OK
r-devel-linux-x86_64-debian-gcc 0.1.0 4.15 36.42 40.57 OK
r-devel-linux-x86_64-fedora-clang 0.1.0 65.47 NOTE
r-devel-linux-x86_64-fedora-gcc 0.1.0 64.44 NOTE
r-devel-windows-x86_64 0.1.0 8.00 53.00 61.00 OK
r-patched-linux-x86_64 0.1.0 4.62 45.74 50.36 OK
r-release-linux-x86_64 0.1.0 3.12 45.71 48.83 OK
r-release-macos-arm64 0.1.0 21.00 OK
r-release-macos-x86_64 0.1.0 32.00 OK
r-release-windows-x86_64 0.1.0 5.00 52.00 57.00 OK
r-oldrel-macos-arm64 0.1.0 24.00 OK
r-oldrel-macos-x86_64 0.1.0 37.00 OK
r-oldrel-windows-x86_64 0.1.0 7.00 61.00 68.00 OK

Check Details

Version: 0.1.0
Check: dependencies in R code
Result: NOTE Namespaces in Imports field not imported from: ‘testthat’ ‘usethis’ ‘utils’ All declared Imports should be used. Flavors: r-devel-linux-x86_64-fedora-clang, r-devel-linux-x86_64-fedora-gcc