CRAN Package Check Results for Package pcdpca

Last updated on 2024-06-13 06:58:12 CEST.

Flavor Version Tinstall Tcheck Ttotal Status Flags
r-devel-linux-x86_64-debian-clang 0.4 2.12 29.52 31.64 NOTE
r-devel-linux-x86_64-debian-gcc 0.4 0.25 1.70 1.95 ERROR
r-devel-linux-x86_64-fedora-clang 0.4 41.53 NOTE
r-devel-linux-x86_64-fedora-gcc 0.4 38.46 NOTE
r-devel-windows-x86_64 0.4 3.00 43.00 46.00 NOTE
r-patched-linux-x86_64 0.4 7.76 28.13 35.89 NOTE
r-release-linux-x86_64 0.4 1.82 28.33 30.15 NOTE
r-release-macos-arm64 0.4 16.00 NOTE
r-release-macos-x86_64 0.4 24.00 NOTE
r-release-windows-x86_64 0.4 3.00 47.00 50.00 NOTE
r-oldrel-macos-arm64 0.4 21.00 NOTE
r-oldrel-macos-x86_64 0.4 23.00 NOTE
r-oldrel-windows-x86_64 0.4 4.00 47.00 51.00 NOTE

Check Details

Version: 0.4
Check: LazyData
Result: NOTE 'LazyData' is specified without a 'data' directory Flavors: r-devel-linux-x86_64-debian-clang, r-devel-linux-x86_64-fedora-clang, r-devel-linux-x86_64-fedora-gcc, r-devel-windows-x86_64, r-patched-linux-x86_64, r-release-linux-x86_64, r-release-macos-arm64, r-release-macos-x86_64, r-release-windows-x86_64, r-oldrel-macos-arm64, r-oldrel-macos-x86_64, r-oldrel-windows-x86_64

Version: 0.4
Check: package dependencies
Result: ERROR Package required but not available: ‘fda’ See section ‘The DESCRIPTION file’ in the ‘Writing R Extensions’ manual. Flavor: r-devel-linux-x86_64-debian-gcc

Version: 0.4
Check: dependencies in R code
Result: NOTE Namespace in Imports field not imported from: ‘fda’ All declared Imports should be used. Flavors: r-devel-linux-x86_64-fedora-clang, r-devel-linux-x86_64-fedora-gcc