CRAN Package Check Results for Package pdR

Last updated on 2024-06-13 06:58:12 CEST.

Flavor Version Tinstall Tcheck Ttotal Status Flags
r-devel-linux-x86_64-debian-clang 1.9.2 15.59 124.73 140.32 OK
r-devel-linux-x86_64-debian-gcc 1.9.2 0.40 1.59 1.99 ERROR
r-devel-linux-x86_64-fedora-clang 1.9.2 196.53 OK
r-devel-linux-x86_64-fedora-gcc 1.9.2 161.62 OK
r-devel-windows-x86_64 1.9.2 13.00 105.00 118.00 OK
r-patched-linux-x86_64 1.9.2 14.34 116.48 130.82 OK
r-release-linux-x86_64 1.9.2 9.92 114.75 124.67 OK
r-release-macos-arm64 1.9.2 53.00 OK
r-release-macos-x86_64 1.9.2 88.00 OK
r-release-windows-x86_64 1.9.2 15.00 107.00 122.00 OK
r-oldrel-macos-arm64 1.9.2 55.00 OK
r-oldrel-macos-x86_64 1.9.2 97.00 OK
r-oldrel-windows-x86_64 1.9.2 18.00 127.00 145.00 OK

Check Details

Version: 1.9.2
Check: package dependencies
Result: ERROR Packages required but not available: 'lme4', 'glmmTMB' See section ‘The DESCRIPTION file’ in the ‘Writing R Extensions’ manual. Flavor: r-devel-linux-x86_64-debian-gcc