CRAN Package Check Results for Package pdynmc

Last updated on 2024-06-13 06:58:12 CEST.

Flavor Version Tinstall Tcheck Ttotal Status Flags
r-devel-linux-x86_64-debian-clang 0.9.10 14.66 494.24 508.90 OK
r-devel-linux-x86_64-debian-gcc 0.9.10 0.34 1.77 2.11 ERROR
r-devel-linux-x86_64-fedora-clang 0.9.10 599.92 OK
r-devel-linux-x86_64-fedora-gcc 0.9.10 563.69 OK
r-devel-windows-x86_64 0.9.10 13.00 283.00 296.00 OK
r-patched-linux-x86_64 0.9.10 9.58 447.36 456.94 OK
r-release-linux-x86_64 0.9.10 8.80 458.03 466.83 OK
r-release-macos-arm64 0.9.10 126.00 OK
r-release-macos-x86_64 0.9.10 230.00 OK
r-release-windows-x86_64 0.9.10 12.00 287.00 299.00 OK
r-oldrel-macos-arm64 0.9.10 127.00 OK
r-oldrel-macos-x86_64 0.9.10 442.00 OK
r-oldrel-windows-x86_64 0.9.10 16.00 409.00 425.00 OK

Check Details

Version: 0.9.10
Check: package dependencies
Result: ERROR Package required but not available: ‘optimx’ Package suggested but not available for checking: ‘testthat’ See section ‘The DESCRIPTION file’ in the ‘Writing R Extensions’ manual. Flavor: r-devel-linux-x86_64-debian-gcc