CRAN Package Check Results for Package pems.utils

Last updated on 2024-07-23 05:57:39 CEST.

Flavor Version Tinstall Tcheck Ttotal Status Flags
r-devel-linux-x86_64-debian-clang 0.2.29.1 53.53 416.53 470.06 NOTE
r-devel-linux-x86_64-debian-gcc 0.2.29.1 47.86 299.41 347.27 NOTE
r-devel-linux-x86_64-fedora-clang 0.2.29.1 611.48 NOTE
r-devel-linux-x86_64-fedora-gcc 0.2.29.1 555.13 NOTE
r-devel-windows-x86_64 0.2.29.1 51.00 268.00 319.00 NOTE
r-patched-linux-x86_64 0.2.29.1 73.48 404.10 477.58 NOTE
r-release-linux-x86_64 0.2.29.1 37.05 397.54 434.59 NOTE
r-release-macos-arm64 0.2.29.1 124.00 NOTE
r-release-macos-x86_64 0.2.29.1 330.00 NOTE
r-release-windows-x86_64 0.2.29.1 53.00 269.00 322.00 NOTE
r-oldrel-macos-arm64 0.2.29.1 139.00 OK
r-oldrel-macos-x86_64 0.2.29.1 247.00 OK
r-oldrel-windows-x86_64 0.2.29.1 68.00 365.00 433.00 OK

Check Details

Version: 0.2.29.1
Check: Rd files
Result: NOTE checkRd: (-1) 5.1.pems.plots.Rd:212: Lost braces; missing escapes or markup? 212 | (Logical or character) For {WatsonPlot}, how to | ^ checkRd: (-1) 5.1.pems.plots.Rd:221: Lost braces; missing escapes or markup? 221 | (numeric) For {WatsonPlot}, pre-set plot types: | ^ checkRd: (-1) 6.2.check.functions.Rd:189: Lost braces 189 | If a parent function is identified as \code{fun.name} and the check case (code{input}, | ^ checkRd: (-1) 7.1.vsp.code.Rd:89: Lost braces 89 | code{\link{common.calculations}} for further details. | ^ checkRd: (-1) 7.2.emissions.code.Rd:90: Lost braces 90 | emissions calculation methods. It accepts an input code{conc} which it checks and passes | ^ checkRd: (-1) 8.1.tidyverse.tools.Rd:139: Lost braces 139 | (\code{pems}, code{data.frame}, etc) to | ^ Flavors: r-devel-linux-x86_64-debian-clang, r-devel-linux-x86_64-debian-gcc, r-devel-linux-x86_64-fedora-clang, r-devel-linux-x86_64-fedora-gcc, r-devel-windows-x86_64, r-patched-linux-x86_64, r-release-linux-x86_64, r-release-macos-arm64, r-release-macos-x86_64, r-release-windows-x86_64

Version: 0.2.29.1
Check: Rd cross-references
Result: NOTE Found the following Rd file(s) with Rd \link{} targets missing package anchors: 4.1.merge.data.pems.Rd: dplyr 5.1.pems.plots.Rd: lattice, loa 6.3.corrections.Rd: baseline Please provide package anchors for all Rd \link{} targets not in the package itself and the base packages. Flavors: r-devel-linux-x86_64-debian-gcc, r-devel-windows-x86_64