CRAN Package Check Results for Package penppml

Last updated on 2024-06-13 06:58:12 CEST.

Flavor Version Tinstall Tcheck Ttotal Status Flags
r-devel-linux-x86_64-debian-clang 0.2.3 54.73 139.43 194.16 OK
r-devel-linux-x86_64-debian-gcc 0.2.3 0.45 1.97 2.42 ERROR
r-devel-linux-x86_64-fedora-clang 0.2.3 250.46 NOTE
r-devel-linux-x86_64-fedora-gcc 0.2.3 259.76 NOTE
r-devel-windows-x86_64 0.2.3 43.00 140.00 183.00 OK
r-patched-linux-x86_64 0.2.3 38.15 129.19 167.34 OK
r-release-linux-x86_64 0.2.3 36.16 132.17 168.33 OK
r-release-macos-arm64 0.2.3 70.00 NOTE
r-release-macos-x86_64 0.2.3 183.00 NOTE
r-release-windows-x86_64 0.2.3 43.00 151.00 194.00 OK
r-oldrel-macos-arm64 0.2.3 109.00 NOTE
r-oldrel-macos-x86_64 0.2.3 137.00 NOTE
r-oldrel-windows-x86_64 0.2.3 55.00 172.00 227.00 OK

Check Details

Version: 0.2.3
Check: package dependencies
Result: ERROR Packages required but not available: 'dplyr', 'devtools' Packages suggested but not available for checking: 'testthat', 'ggplot2', 'reshape2' See section ‘The DESCRIPTION file’ in the ‘Writing R Extensions’ manual. Flavor: r-devel-linux-x86_64-debian-gcc

Version: 0.2.3
Check: dependencies in R code
Result: NOTE Namespace in Imports field not imported from: ‘fixest’ All declared Imports should be used. Flavors: r-devel-linux-x86_64-fedora-clang, r-devel-linux-x86_64-fedora-gcc

Version: 0.2.3
Check: installed package size
Result: NOTE installed size is 11.2Mb sub-directories of 1Mb or more: data 1.8Mb libs 9.1Mb Flavors: r-release-macos-arm64, r-release-macos-x86_64, r-oldrel-macos-arm64, r-oldrel-macos-x86_64